Last updated on 2024-06-03 21:52:20 CEST.
Flavor | Version | Tinstall | Tcheck | Ttotal | Status | Flags |
---|---|---|---|---|---|---|
r-devel-linux-x86_64-debian-clang | 3.0-5 | 897.42 | 39.84 | 937.26 | NOTE | |
r-devel-linux-x86_64-debian-gcc | 3.0-5 | 804.14 | 28.85 | 832.99 | NOTE | |
r-devel-linux-x86_64-fedora-clang | 3.0-5 | 1478.84 | NOTE | |||
r-devel-linux-x86_64-fedora-gcc | 3.0-5 | 1793.54 | NOTE | |||
r-devel-windows-x86_64 | 3.0-5 | 1013.00 | 63.00 | 1076.00 | NOTE | |
r-patched-linux-x86_64 | 3.0-5 | 952.94 | 36.34 | 989.28 | NOTE | |
r-release-linux-x86_64 | 3.0-5 | 956.00 | 37.92 | 993.92 | NOTE | |
r-release-macos-arm64 | 3.0-5 | 355.00 | NOTE | |||
r-release-macos-x86_64 | 3.0-5 | 393.00 | NOTE | |||
r-release-windows-x86_64 | 3.0-5 | 1012.00 | 62.00 | 1074.00 | NOTE | |
r-oldrel-macos-arm64 | 3.0-5 | 395.00 | NOTE | |||
r-oldrel-macos-x86_64 | 3.0-5 | 361.00 | NOTE | |||
r-oldrel-windows-x86_64 | 3.0-5 | 1023.00 | 68.00 | 1091.00 | NOTE |
Version: 3.0-5
Check: for GNU extensions in Makefiles
Result: NOTE
GNU make is a SystemRequirements.
Flavors: r-devel-linux-x86_64-debian-clang, r-devel-linux-x86_64-debian-gcc, r-devel-linux-x86_64-fedora-clang, r-devel-linux-x86_64-fedora-gcc, r-devel-windows-x86_64, r-patched-linux-x86_64, r-release-linux-x86_64, r-release-macos-arm64, r-release-macos-x86_64, r-release-windows-x86_64, r-oldrel-macos-arm64, r-oldrel-macos-x86_64, r-oldrel-windows-x86_64
Version: 3.0-5
Check: installed package size
Result: NOTE
installed size is 11.8Mb
sub-directories of 1Mb or more:
libs 11.7Mb
Flavors: r-devel-linux-x86_64-fedora-clang, r-devel-windows-x86_64, r-release-macos-arm64, r-release-macos-x86_64, r-release-windows-x86_64, r-oldrel-macos-arm64, r-oldrel-macos-x86_64, r-oldrel-windows-x86_64