Last updated on 2024-06-05 03:49:55 CEST.
Flavor | Version | Tinstall | Tcheck | Ttotal | Status | Flags |
---|---|---|---|---|---|---|
r-devel-linux-x86_64-debian-clang | 0.1.0 | 13.68 | 138.68 | 152.36 | NOTE | |
r-devel-linux-x86_64-debian-gcc | 0.1.0 | 13.03 | 100.12 | 113.15 | NOTE | |
r-devel-linux-x86_64-fedora-clang | 0.1.0 | 189.09 | NOTE | |||
r-devel-linux-x86_64-fedora-gcc | 0.1.0 | 177.06 | NOTE | |||
r-devel-windows-x86_64 | 0.1.0 | 15.00 | 108.00 | 123.00 | NOTE | |
r-patched-linux-x86_64 | 0.1.0 | 11.24 | 131.37 | 142.61 | NOTE | |
r-release-linux-x86_64 | 0.1.0 | 11.01 | 129.28 | 140.29 | NOTE | |
r-release-macos-arm64 | 0.1.0 | 51.00 | NOTE | |||
r-release-windows-x86_64 | 0.1.0 | 14.00 | 116.00 | 130.00 | NOTE | |
r-oldrel-macos-arm64 | 0.1.0 | 62.00 | OK | |||
r-oldrel-macos-x86_64 | 0.1.0 | 91.00 | OK | |||
r-oldrel-windows-x86_64 | 0.1.0 | 19.00 | 133.00 | 152.00 | OK |
Version: 0.1.0
Check: Rd files
Result: NOTE
checkRd: (-1) RAWgrid.Rd:58: Lost braces
58 | {Event rate outside RAW interval, widen RAW interval}{If no or too cases are inside RAW interval [R_{l},R_{u}], cross-validation procedure may not be stable, so this warning indicates RAW interval should widen to include more cases.}
| ^
checkRd: (-1) RAWgrid.Rd:58: Lost braces; missing escapes or markup?
58 | {Event rate outside RAW interval, widen RAW interval}{If no or too cases are inside RAW interval [R_{l},R_{u}], cross-validation procedure may not be stable, so this warning indicates RAW interval should widen to include more cases.}
| ^
checkRd: (-1) RAWgrid.Rd:58: Lost braces; missing escapes or markup?
58 | {Event rate outside RAW interval, widen RAW interval}{If no or too cases are inside RAW interval [R_{l},R_{u}], cross-validation procedure may not be stable, so this warning indicates RAW interval should widen to include more cases.}
| ^
checkRd: (-1) cvReptWtTuning.Rd:33: Lost braces; missing escapes or markup?
33 | Parameter to be selected via cross-validation. Can be either \eqn{delta} the weight assigned to observations outside the clinically relevant region [R_{l},R_{u}], or the \eqn{lambda} tuning parameter controlling exponential decay within the clinically relevant region [R_{l},R_{u}]}
| ^
checkRd: (-1) cvReptWtTuning.Rd:33: Lost braces; missing escapes or markup?
33 | Parameter to be selected via cross-validation. Can be either \eqn{delta} the weight assigned to observations outside the clinically relevant region [R_{l},R_{u}], or the \eqn{lambda} tuning parameter controlling exponential decay within the clinically relevant region [R_{l},R_{u}]}
| ^
checkRd: (-1) cvReptWtTuning.Rd:33: Lost braces; missing escapes or markup?
33 | Parameter to be selected via cross-validation. Can be either \eqn{delta} the weight assigned to observations outside the clinically relevant region [R_{l},R_{u}], or the \eqn{lambda} tuning parameter controlling exponential decay within the clinically relevant region [R_{l},R_{u}]}
| ^
checkRd: (-1) cvReptWtTuning.Rd:33: Lost braces; missing escapes or markup?
33 | Parameter to be selected via cross-validation. Can be either \eqn{delta} the weight assigned to observations outside the clinically relevant region [R_{l},R_{u}], or the \eqn{lambda} tuning parameter controlling exponential decay within the clinically relevant region [R_{l},R_{u}]}
| ^
checkRd: (-1) cvWtTuning.Rd:28: Lost braces; missing escapes or markup?
28 | Parameter to be selected via cross-validation. Can be either \eqn{delta} the weight assigned to observations outside the clinically relevant region [R_{l},R_{u}], or the \eqn{lambda} tuning parameter controlling exponential decay within the clinically relevant region [R_{l},R_{u}]}
| ^
checkRd: (-1) cvWtTuning.Rd:28: Lost braces; missing escapes or markup?
28 | Parameter to be selected via cross-validation. Can be either \eqn{delta} the weight assigned to observations outside the clinically relevant region [R_{l},R_{u}], or the \eqn{lambda} tuning parameter controlling exponential decay within the clinically relevant region [R_{l},R_{u}]}
| ^
checkRd: (-1) cvWtTuning.Rd:28: Lost braces; missing escapes or markup?
28 | Parameter to be selected via cross-validation. Can be either \eqn{delta} the weight assigned to observations outside the clinically relevant region [R_{l},R_{u}], or the \eqn{lambda} tuning parameter controlling exponential decay within the clinically relevant region [R_{l},R_{u}]}
| ^
checkRd: (-1) cvWtTuning.Rd:28: Lost braces; missing escapes or markup?
28 | Parameter to be selected via cross-validation. Can be either \eqn{delta} the weight assigned to observations outside the clinically relevant region [R_{l},R_{u}], or the \eqn{lambda} tuning parameter controlling exponential decay within the clinically relevant region [R_{l},R_{u}]}
| ^
Flavors: r-devel-linux-x86_64-debian-clang, r-devel-linux-x86_64-debian-gcc, r-devel-linux-x86_64-fedora-clang, r-devel-linux-x86_64-fedora-gcc, r-devel-windows-x86_64, r-patched-linux-x86_64, r-release-linux-x86_64, r-release-macos-arm64, r-release-windows-x86_64