Last updated on 2024-06-05 03:49:58 CEST.
Flavor | Version | Tinstall | Tcheck | Ttotal | Status | Flags |
---|---|---|---|---|---|---|
r-devel-linux-x86_64-debian-clang | 2.2.0 | 3.25 | 45.06 | 48.31 | OK | |
r-devel-linux-x86_64-debian-gcc | 2.2.0 | 2.05 | 33.63 | 35.68 | OK | |
r-devel-linux-x86_64-fedora-clang | 2.2.0 | 62.23 | NOTE | |||
r-devel-linux-x86_64-fedora-gcc | 2.2.0 | 69.31 | NOTE | |||
r-devel-windows-x86_64 | 2.2.0 | 3.00 | 68.00 | 71.00 | OK | |
r-patched-linux-x86_64 | 2.2.0 | 3.37 | 42.72 | 46.09 | OK | |
r-release-linux-x86_64 | 2.2.0 | 3.53 | 43.61 | 47.14 | OK | |
r-release-macos-arm64 | 2.2.0 | 28.00 | OK | |||
r-release-macos-x86_64 | 2.2.0 | 51.00 | OK | |||
r-release-windows-x86_64 | 2.2.0 | 4.00 | 72.00 | 76.00 | OK | |
r-oldrel-macos-arm64 | 2.2.0 | 31.00 | OK | |||
r-oldrel-macos-x86_64 | 2.2.0 | 38.00 | OK | |||
r-oldrel-windows-x86_64 | 2.2.0 | 5.00 | 70.00 | 75.00 | OK |
Version: 2.2.0
Check: data for non-ASCII characters
Result: NOTE
Note: found 17 marked UTF-8 strings
Flavors: r-devel-linux-x86_64-fedora-clang, r-devel-linux-x86_64-fedora-gcc