Last updated on 2024-05-25 12:48:01 CEST.
Flavor | Version | Tinstall | Tcheck | Ttotal | Status | Flags |
---|---|---|---|---|---|---|
r-devel-linux-x86_64-debian-clang | 0.5.3 | 7.14 | 79.30 | 86.44 | NOTE | |
r-devel-linux-x86_64-debian-gcc | 0.5.3 | 6.85 | 60.77 | 67.62 | NOTE | |
r-devel-linux-x86_64-fedora-clang | 0.5.3 | 107.70 | NOTE | |||
r-devel-linux-x86_64-fedora-gcc | 0.5.3 | 103.67 | NOTE | |||
r-devel-windows-x86_64 | 0.5.3 | 8.00 | 79.00 | 87.00 | NOTE | |
r-patched-linux-x86_64 | 0.5.3 | 7.92 | 76.92 | 84.84 | NOTE | |
r-release-linux-x86_64 | 0.5.3 | 8.20 | 76.23 | 84.43 | NOTE | |
r-release-macos-arm64 | 0.5.3 | 33.00 | NOTE | |||
r-release-windows-x86_64 | 0.5.3 | 8.00 | 79.00 | 87.00 | NOTE | |
r-oldrel-macos-arm64 | 0.5.3 | 40.00 | NOTE | |||
r-oldrel-macos-x86_64 | 0.5.3 | 60.00 | NOTE | |||
r-oldrel-windows-x86_64 | 0.5.3 | 10.00 | 91.00 | 101.00 | NOTE |
Version: 0.5.3
Check: LazyData
Result: NOTE
'LazyData' is specified without a 'data' directory
Flavors: r-devel-linux-x86_64-debian-clang, r-devel-linux-x86_64-debian-gcc, r-devel-linux-x86_64-fedora-clang, r-devel-linux-x86_64-fedora-gcc, r-devel-windows-x86_64, r-patched-linux-x86_64, r-release-linux-x86_64, r-release-macos-arm64, r-release-windows-x86_64, r-oldrel-macos-arm64, r-oldrel-macos-x86_64, r-oldrel-windows-x86_64