Last updated on 2024-06-03 21:52:28 CEST.
Flavor | Version | Tinstall | Tcheck | Ttotal | Status | Flags |
---|---|---|---|---|---|---|
r-devel-linux-x86_64-debian-clang | 0.2.0 | 38.35 | 108.85 | 147.20 | NOTE | |
r-devel-linux-x86_64-debian-gcc | 0.2.0 | 26.55 | 79.85 | 106.40 | NOTE | |
r-devel-linux-x86_64-fedora-clang | 0.2.0 | 192.38 | NOTE | |||
r-devel-linux-x86_64-fedora-gcc | 0.2.0 | 193.24 | NOTE | |||
r-devel-windows-x86_64 | 0.2.0 | 32.00 | 108.00 | 140.00 | NOTE | |
r-patched-linux-x86_64 | 0.2.0 | 35.67 | 102.80 | 138.47 | NOTE | |
r-release-linux-x86_64 | 0.2.0 | 32.07 | 103.22 | 135.29 | NOTE | |
r-release-macos-arm64 | 0.2.0 | 56.00 | NOTE | |||
r-release-windows-x86_64 | 0.2.0 | 33.00 | 109.00 | 142.00 | NOTE | |
r-oldrel-macos-arm64 | 0.2.0 | 62.00 | NOTE | |||
r-oldrel-macos-x86_64 | 0.2.0 | 100.00 | NOTE | |||
r-oldrel-windows-x86_64 | 0.2.0 | 38.00 | 139.00 | 177.00 | NOTE |
Version: 0.2.0
Check: C++ specification
Result: NOTE
Specified C++11: please drop specification unless essential
Flavors: r-devel-linux-x86_64-debian-clang, r-devel-linux-x86_64-debian-gcc, r-devel-linux-x86_64-fedora-clang, r-devel-linux-x86_64-fedora-gcc, r-devel-windows-x86_64, r-patched-linux-x86_64, r-release-linux-x86_64, r-release-macos-arm64, r-release-windows-x86_64, r-oldrel-macos-arm64, r-oldrel-macos-x86_64, r-oldrel-windows-x86_64