Last updated on 2024-06-05 07:00:46 CEST.
Flavor | Version | Tinstall | Tcheck | Ttotal | Status | Flags |
---|---|---|---|---|---|---|
r-devel-linux-x86_64-debian-clang | 0.7.10 | 35.19 | 231.32 | 266.51 | NOTE | |
r-devel-linux-x86_64-debian-gcc | 0.7.10 | 24.85 | 164.47 | 189.32 | NOTE | |
r-devel-linux-x86_64-fedora-clang | 0.7.10 | 341.50 | NOTE | |||
r-devel-linux-x86_64-fedora-gcc | 0.7.10 | 330.59 | NOTE | |||
r-devel-windows-x86_64 | 0.7.10 | 27.00 | 230.00 | 257.00 | NOTE | |
r-patched-linux-x86_64 | 0.7.10 | 40.79 | 220.74 | 261.53 | NOTE | |
r-release-linux-x86_64 | 0.7.10 | 33.10 | 215.58 | 248.68 | NOTE | |
r-release-macos-arm64 | 0.7.10 | 119.00 | NOTE | |||
r-release-macos-x86_64 | 0.7.10 | 143.00 | NOTE | |||
r-release-windows-x86_64 | 0.7.10 | 23.00 | 156.00 | 179.00 | NOTE | |
r-oldrel-macos-arm64 | 0.7.10 | 86.00 | NOTE | |||
r-oldrel-macos-x86_64 | 0.7.10 | 142.00 | NOTE | |||
r-oldrel-windows-x86_64 | 0.7.10 | 29.00 | 189.00 | 218.00 | NOTE |
Version: 0.7.10
Check: package dependencies
Result: NOTE
Package suggested but not available for checking: ‘ROpenOffice’
Flavors: r-devel-linux-x86_64-debian-clang, r-devel-linux-x86_64-debian-gcc, r-devel-linux-x86_64-fedora-clang, r-devel-linux-x86_64-fedora-gcc, r-devel-windows-x86_64, r-patched-linux-x86_64, r-release-linux-x86_64, r-release-macos-arm64, r-release-macos-x86_64, r-release-windows-x86_64, r-oldrel-macos-arm64, r-oldrel-macos-x86_64, r-oldrel-windows-x86_64
Version: 0.7.10
Check: Rd files
Result: NOTE
checkRd: (-1) plotCorpusCa.rd:53: Lost braces in \itemize; meant \describe ?
checkRd: (-1) plotCorpusCa.rd:56: Lost braces in \itemize; meant \describe ?
checkRd: (-1) plotCorpusCa.rd:59: Lost braces in \itemize; meant \describe ?
checkRd: (-1) plotCorpusCa.rd:62: Lost braces in \itemize; meant \describe ?
checkRd: (-1) recodeTimeVarDlg.Rd:11-13: Lost braces in \itemize; meant \describe ?
checkRd: (-1) recodeTimeVarDlg.Rd:14-16: Lost braces in \itemize; meant \describe ?
checkRd: (-1) recodeTimeVarDlg.Rd:17-18: Lost braces in \itemize; meant \describe ?
checkRd: (-1) vocabularyTable.rd:46-47: Lost braces in \itemize; meant \describe ?
checkRd: (-1) vocabularyTable.rd:48-50: Lost braces in \itemize; meant \describe ?
checkRd: (-1) vocabularyTable.rd:55: Lost braces
55 | \seealso{\code{\link{vocabularyDlg}}, code{\link{DocumentTermMatrix}}, \code{\link{table}}, }
| ^
Flavors: r-devel-linux-x86_64-debian-clang, r-devel-linux-x86_64-debian-gcc, r-devel-linux-x86_64-fedora-clang, r-devel-linux-x86_64-fedora-gcc, r-devel-windows-x86_64, r-patched-linux-x86_64, r-release-linux-x86_64, r-release-macos-arm64, r-release-macos-x86_64, r-release-windows-x86_64