Last updated on 2024-06-03 21:52:36 CEST.
Flavor | Version | Tinstall | Tcheck | Ttotal | Status | Flags |
---|---|---|---|---|---|---|
r-devel-linux-x86_64-debian-clang | 5.1.0 | 175.85 | 759.62 | 935.47 | NOTE | |
r-devel-linux-x86_64-debian-gcc | 5.1.0 | 123.54 | 546.42 | 669.96 | NOTE | |
r-devel-linux-x86_64-fedora-clang | 5.1.0 | 1215.63 | NOTE | |||
r-devel-linux-x86_64-fedora-gcc | 5.1.0 | NOTE | ||||
r-devel-windows-x86_64 | 5.1.0 | 129.00 | 1184.00 | 1313.00 | NOTE | |
r-patched-linux-x86_64 | 5.1.0 | 178.11 | 722.83 | 900.94 | NOTE | |
r-release-linux-x86_64 | 5.1.0 | 157.24 | 723.14 | 880.38 | NOTE | |
r-release-macos-arm64 | 5.1.0 | 275.00 | NOTE | |||
r-release-macos-x86_64 | 5.1.0 | 623.00 | NOTE | |||
r-release-windows-x86_64 | 5.1.0 | 130.00 | 1002.00 | 1132.00 | NOTE | |
r-oldrel-macos-arm64 | 5.1.0 | 291.00 | NOTE | |||
r-oldrel-macos-x86_64 | 5.1.0 | 723.00 | ERROR | |||
r-oldrel-windows-x86_64 | 5.1.0 | 165.00 | 1096.00 | 1261.00 | NOTE |
Version: 5.1.0
Check: package dependencies
Result: NOTE
Packages suggested but not available for checking: 'BPCells', 'presto'
Flavors: r-devel-linux-x86_64-debian-clang, r-devel-linux-x86_64-debian-gcc, r-devel-linux-x86_64-fedora-gcc, r-devel-windows-x86_64, r-patched-linux-x86_64, r-release-linux-x86_64, r-release-windows-x86_64, r-oldrel-windows-x86_64
Version: 5.1.0
Check: package dependencies
Result: NOTE
Packages suggested but not available for checking: 'BPCells', 'presto'
Imports includes 47 non-default packages.
Importing from so many packages makes the package vulnerable to any of
them becoming unavailable. Move as many as possible to Suggests and
use conditionally.
Flavor: r-devel-linux-x86_64-fedora-clang
Version: 5.1.0
Check: Rd cross-references
Result: NOTE
Undeclared package ‘Signac’ in Rd xrefs
Flavor: r-devel-linux-x86_64-fedora-clang
Version: 5.1.0
Check: package dependencies
Result: NOTE
Packages suggested but not available for checking:
'BPCells', 'monocle', 'presto'
Flavors: r-release-macos-arm64, r-oldrel-macos-arm64, r-oldrel-macos-x86_64
Version: 5.1.0
Check: installed package size
Result: NOTE
installed size is 11.2Mb
sub-directories of 1Mb or more:
R 2.1Mb
libs 8.2Mb
Flavors: r-release-macos-arm64, r-release-macos-x86_64, r-oldrel-macos-arm64, r-oldrel-macos-x86_64
Version: 5.1.0
Check: package dependencies
Result: NOTE
Packages suggested but not available for checking:
'arrow', 'BPCells', 'monocle', 'presto'
Flavor: r-release-macos-x86_64
Version: 5.1.0
Check: tests
Result: ERROR
Running ‘testthat.R’ [105s/232s]
Running the tests in ‘tests/testthat.R’ failed.
Last 13 lines of output:
11. │ ├─assertthat::assert_that(inherits(object, class), msg = msg)
12. │ │ └─assertthat::see_if(..., env = env, msg = msg)
13. │ │ ├─base::tryCatch(...)
14. │ │ │ └─base (local) tryCatchList(expr, classes, parentenv, handlers)
15. │ │ │ └─base (local) tryCatchOne(expr, names, parentenv, handlers[[1L]])
16. │ │ │ └─base (local) doTryCatch(return(expr), name, parentenv, handler)
17. │ │ └─base::eval(assertion, env)
18. │ │ └─base::eval(assertion, env)
19. │ └─base::inherits(object, class)
20. └─ParquetArrowReaderProperties$create()
21. └─arrow:::parquet___arrow___ArrowReaderProperties__Make(isTRUE(use_threads))
[ FAIL 2 | WARN 1 | SKIP 29 | PASS 673 ]
Error: Test failures
Execution halted
Flavor: r-oldrel-macos-x86_64