Last updated on 2024-06-05 03:50:09 CEST.
Flavor | Version | Tinstall | Tcheck | Ttotal | Status | Flags |
---|---|---|---|---|---|---|
r-devel-linux-x86_64-debian-clang | 0.1.3 | 6.72 | 80.40 | 87.12 | OK | |
r-devel-linux-x86_64-debian-gcc | 0.1.3 | 5.57 | 59.41 | 64.98 | OK | |
r-devel-linux-x86_64-fedora-clang | 0.1.3 | 110.51 | OK | |||
r-devel-linux-x86_64-fedora-gcc | 0.1.3 | 116.09 | OK | |||
r-devel-windows-x86_64 | 0.1.3 | 6.00 | 105.00 | 111.00 | OK | |
r-patched-linux-x86_64 | 0.1.3 | 7.34 | 72.06 | 79.40 | WARN | |
r-release-linux-x86_64 | 0.1.3 | 6.09 | 76.54 | 82.63 | OK | |
r-release-macos-arm64 | 0.1.3 | 38.00 | OK | |||
r-release-windows-x86_64 | 0.1.3 | 6.00 | 108.00 | 114.00 | OK | |
r-oldrel-macos-arm64 | 0.1.3 | 42.00 | OK | |||
r-oldrel-macos-x86_64 | 0.1.3 | 74.00 | OK | |||
r-oldrel-windows-x86_64 | 0.1.3 | 9.00 | 107.00 | 116.00 | OK |
Version: 0.1.3
Check: re-building of vignette outputs
Result: WARN
Error(s) in re-building vignettes:
...
--- re-building ‘TBFmultinomial.Rnw’ using knitr
Error: processing vignette 'TBFmultinomial.Rnw' failed with diagnostics:
Running 'texi2dvi' on 'TBFmultinomial.tex' failed.
LaTeX errors:
! Undefined control sequence.
l.100 \hlkwd{library}\hldef
{(}\hlsng{'TBFmultinomial'}\hldef{)}
?
! Emergency stop.
! Emergency stop.
l.100
End of file on the terminal!
! ==> Fatal error occurred, no output PDF file produced!
--- failed re-building ‘TBFmultinomial.Rnw’
SUMMARY: processing the following file failed:
‘TBFmultinomial.Rnw’
Error: Vignette re-building failed.
Execution halted
Flavor: r-patched-linux-x86_64