Last updated on 2024-06-05 07:00:52 CEST.
Flavor | Version | Tinstall | Tcheck | Ttotal | Status | Flags |
---|---|---|---|---|---|---|
r-devel-linux-x86_64-debian-clang | 0.7.1 | 3.86 | 30.90 | 34.76 | NOTE | |
r-devel-linux-x86_64-debian-gcc | 0.7.1 | 2.40 | 23.48 | 25.88 | NOTE | |
r-devel-linux-x86_64-fedora-clang | 0.7.1 | 42.93 | NOTE | |||
r-devel-linux-x86_64-fedora-gcc | 0.7.1 | 40.65 | NOTE | |||
r-devel-windows-x86_64 | 0.7.1 | 3.00 | 48.00 | 51.00 | NOTE | |
r-patched-linux-x86_64 | 0.7.1 | 3.23 | 30.12 | 33.35 | NOTE | |
r-release-linux-x86_64 | 0.7.1 | 2.93 | 29.75 | 32.68 | NOTE | |
r-release-macos-arm64 | 0.7.1 | 17.00 | NOTE | |||
r-release-macos-x86_64 | 0.7.1 | 25.00 | NOTE | |||
r-release-windows-x86_64 | 0.7.1 | 3.00 | 48.00 | 51.00 | NOTE | |
r-oldrel-macos-arm64 | 0.7.1 | 20.00 | OK | |||
r-oldrel-macos-x86_64 | 0.7.1 | 24.00 | OK | |||
r-oldrel-windows-x86_64 | 0.7.1 | 4.00 | 51.00 | 55.00 | OK |
Version: 0.7.1
Check: Rd files
Result: NOTE
checkRd: (-1) crossEntropy.Rd:32: Lost braces
32 | link{squaredError}
| ^
Flavors: r-devel-linux-x86_64-debian-clang, r-devel-linux-x86_64-debian-gcc, r-devel-linux-x86_64-fedora-clang, r-devel-linux-x86_64-fedora-gcc, r-devel-windows-x86_64, r-patched-linux-x86_64, r-release-linux-x86_64, r-release-macos-arm64, r-release-macos-x86_64, r-release-windows-x86_64