Last updated on 2024-06-05 07:00:27 CEST.
Flavor | Version | Tinstall | Tcheck | Ttotal | Status | Flags |
---|---|---|---|---|---|---|
r-devel-linux-x86_64-debian-clang | 0.2.2 | 55.74 | 169.74 | 225.48 | NOTE | |
r-devel-linux-x86_64-debian-gcc | 0.2.2 | 32.23 | 120.83 | 153.06 | NOTE | |
r-devel-linux-x86_64-fedora-clang | 0.2.2 | 300.03 | NOTE | |||
r-devel-linux-x86_64-fedora-gcc | 0.2.2 | 307.88 | NOTE | |||
r-devel-windows-x86_64 | 0.2.2 | 45.00 | 210.00 | 255.00 | NOTE | |
r-patched-linux-x86_64 | 0.2.2 | 45.14 | 172.88 | 218.02 | NOTE | |
r-release-linux-x86_64 | 0.2.2 | 45.67 | 171.49 | 217.16 | NOTE | |
r-release-macos-arm64 | 0.2.2 | 80.00 | NOTE | |||
r-release-macos-x86_64 | 0.2.2 | 124.00 | NOTE | |||
r-release-windows-x86_64 | 0.2.2 | 44.00 | 210.00 | 254.00 | NOTE | |
r-oldrel-macos-arm64 | 0.2.2 | 94.00 | NOTE | |||
r-oldrel-macos-x86_64 | 0.2.2 | 155.00 | NOTE | |||
r-oldrel-windows-x86_64 | 0.2.2 | 53.00 | 239.00 | 292.00 | NOTE |
Version: 0.2.2
Check: LazyData
Result: NOTE
'LazyData' is specified without a 'data' directory
Flavors: r-devel-linux-x86_64-debian-clang, r-devel-linux-x86_64-debian-gcc, r-devel-linux-x86_64-fedora-clang, r-devel-linux-x86_64-fedora-gcc, r-devel-windows-x86_64, r-patched-linux-x86_64, r-release-linux-x86_64, r-release-macos-arm64, r-release-macos-x86_64, r-release-windows-x86_64, r-oldrel-macos-arm64, r-oldrel-macos-x86_64, r-oldrel-windows-x86_64
Version: 0.2.2
Check: compiled code
Result: NOTE
File ‘alphabetr/libs/alphabetr.so’:
Found no calls to: ‘R_registerRoutines’, ‘R_useDynamicSymbols’
It is good practice to register native routines and to disable symbol
search.
See ‘Writing portable packages’ in the ‘Writing R Extensions’ manual.
Flavors: r-devel-linux-x86_64-fedora-clang, r-devel-linux-x86_64-fedora-gcc