Last updated on 2024-06-05 12:58:51 CEST.
Flavor | Version | Tinstall | Tcheck | Ttotal | Status | Flags |
---|---|---|---|---|---|---|
r-devel-linux-x86_64-debian-clang | 0.8-19 | 11.76 | 36.85 | 48.61 | OK | |
r-devel-linux-x86_64-debian-gcc | 0.8-19 | 9.01 | 29.04 | 38.05 | OK | |
r-devel-linux-x86_64-fedora-clang | 0.8-19 | 60.26 | OK | |||
r-devel-linux-x86_64-fedora-gcc | 0.8-19 | 77.62 | OK | |||
r-devel-windows-x86_64 | 0.8-19 | 14.00 | 72.00 | 86.00 | OK | |
r-patched-linux-x86_64 | 0.8-19 | 10.66 | 35.68 | 46.34 | OK | |
r-release-linux-x86_64 | 0.8-19 | 9.55 | 35.27 | 44.82 | OK | |
r-release-macos-arm64 | 0.8-19 | 29.00 | OK | |||
r-release-macos-x86_64 | 0.8-19 | 42.00 | OK | |||
r-release-windows-x86_64 | 0.8-19 | 14.00 | 69.00 | 83.00 | OK | |
r-oldrel-macos-arm64 | 0.8-19 | 30.00 | OK | |||
r-oldrel-macos-x86_64 | 0.8-19 | 37.00 | NOTE | |||
r-oldrel-windows-x86_64 | 0.8-19 | 17.00 | 68.00 | 85.00 | OK |
Version: 0.8-19
Check: package dependencies
Result: NOTE
Package suggested but not available for checking: ‘Biobase’
Flavor: r-oldrel-macos-x86_64