Last updated on 2024-06-05 07:00:30 CEST.
Flavor | Version | Tinstall | Tcheck | Ttotal | Status | Flags |
---|---|---|---|---|---|---|
r-devel-linux-x86_64-debian-clang | 0.0.4 | 4.63 | 48.21 | 52.84 | NOTE | |
r-devel-linux-x86_64-debian-gcc | 0.0.4 | 4.04 | 36.44 | 40.48 | NOTE | |
r-devel-linux-x86_64-fedora-clang | 0.0.4 | 66.51 | NOTE | |||
r-devel-linux-x86_64-fedora-gcc | 0.0.4 | 74.83 | NOTE | |||
r-devel-windows-x86_64 | 0.0.4 | 5.00 | 57.00 | 62.00 | NOTE | |
r-patched-linux-x86_64 | 0.0.4 | 4.30 | 46.37 | 50.67 | NOTE | |
r-release-linux-x86_64 | 0.0.4 | 4.24 | 46.26 | 50.50 | NOTE | |
r-release-macos-arm64 | 0.0.4 | 30.00 | NOTE | |||
r-release-macos-x86_64 | 0.0.4 | 46.00 | NOTE | |||
r-release-windows-x86_64 | 0.0.4 | 5.00 | 57.00 | 62.00 | NOTE | |
r-oldrel-macos-arm64 | 0.0.4 | 30.00 | NOTE | |||
r-oldrel-macos-x86_64 | 0.0.4 | 45.00 | NOTE | |||
r-oldrel-windows-x86_64 | 0.0.4 | 7.00 | 61.00 | 68.00 | NOTE |
Version: 0.0.4
Check: Rd files
Result: NOTE
checkRd: (-1) call_api_once.Rd:36: Lost braces
36 | A code{data.frame} with the requested variables at the requested
| ^
Flavors: r-devel-linux-x86_64-debian-clang, r-devel-linux-x86_64-debian-gcc, r-devel-linux-x86_64-fedora-clang, r-devel-linux-x86_64-fedora-gcc, r-devel-windows-x86_64, r-patched-linux-x86_64, r-release-linux-x86_64, r-release-macos-arm64, r-release-macos-x86_64, r-release-windows-x86_64
Version: 0.0.4
Check: LazyData
Result: NOTE
'LazyData' is specified without a 'data' directory
Flavors: r-devel-linux-x86_64-debian-clang, r-devel-linux-x86_64-debian-gcc, r-devel-linux-x86_64-fedora-clang, r-devel-linux-x86_64-fedora-gcc, r-devel-windows-x86_64, r-patched-linux-x86_64, r-release-linux-x86_64, r-release-macos-arm64, r-release-macos-x86_64, r-release-windows-x86_64, r-oldrel-macos-arm64, r-oldrel-macos-x86_64, r-oldrel-windows-x86_64