Last updated on 2024-06-05 03:49:56 CEST.
Flavor | Version | Tinstall | Tcheck | Ttotal | Status | Flags |
---|---|---|---|---|---|---|
r-devel-linux-x86_64-debian-clang | 0.5.0 | 8.96 | 769.33 | 778.29 | OK | |
r-devel-linux-x86_64-debian-gcc | 0.5.0 | 6.06 | 730.73 | 736.79 | OK | |
r-devel-linux-x86_64-fedora-clang | 0.5.0 | 1300.23 | OK | |||
r-devel-linux-x86_64-fedora-gcc | 0.5.0 | 905.86 | OK | |||
r-devel-windows-x86_64 | 0.5.0 | 10.00 | 465.00 | 475.00 | OK | |
r-patched-linux-x86_64 | 0.5.0 | 11.02 | 885.91 | 896.93 | OK | |
r-release-linux-x86_64 | 0.5.0 | 9.50 | 979.57 | 989.07 | OK | |
r-release-macos-arm64 | 0.5.0 | 176.00 | NOTE | |||
r-release-macos-x86_64 | 0.5.0 | 501.00 | NOTE | |||
r-release-windows-x86_64 | 0.5.0 | 9.00 | 468.00 | 477.00 | OK | |
r-oldrel-macos-arm64 | 0.5.0 | 188.00 | NOTE | |||
r-oldrel-macos-x86_64 | 0.5.0 | 490.00 | NOTE | |||
r-oldrel-windows-x86_64 | 0.5.0 | 10.00 | 529.00 | 539.00 | OK |
Version: 0.5.0
Check: package dependencies
Result: NOTE
Package suggested but not available for checking: ‘OSAT’
Flavors: r-release-macos-arm64, r-release-macos-x86_64, r-oldrel-macos-arm64, r-oldrel-macos-x86_64