Last updated on 2024-06-05 12:58:57 CEST.
Flavor | Version | Tinstall | Tcheck | Ttotal | Status | Flags |
---|---|---|---|---|---|---|
r-devel-linux-x86_64-debian-clang | 1.0.4 | 75.07 | 82.18 | 157.25 | OK | |
r-devel-linux-x86_64-debian-gcc | 1.0.4 | 48.86 | 62.87 | 111.73 | OK | |
r-devel-linux-x86_64-fedora-clang | 1.0.4 | 242.79 | OK | |||
r-devel-linux-x86_64-fedora-gcc | 1.0.4 | 231.35 | OK | |||
r-devel-windows-x86_64 | 1.0.4 | 68.00 | 135.00 | 203.00 | OK | |
r-patched-linux-x86_64 | 1.0.4 | 66.39 | 78.55 | 144.94 | OK | |
r-release-linux-x86_64 | 1.0.4 | 67.39 | 80.55 | 147.94 | OK | |
r-release-macos-arm64 | 1.0.4 | 56.00 | NOTE | |||
r-release-macos-x86_64 | 1.0.4 | 84.00 | NOTE | |||
r-release-windows-x86_64 | 1.0.4 | 62.00 | 134.00 | 196.00 | OK | |
r-oldrel-macos-arm64 | 1.0.4 | 79.00 | NOTE | |||
r-oldrel-macos-x86_64 | 1.0.4 | 100.00 | NOTE | |||
r-oldrel-windows-x86_64 | 1.0.4 | 77.00 | 190.00 | 267.00 | OK |
Version: 1.0.4
Check: installed package size
Result: NOTE
installed size is 6.7Mb
sub-directories of 1Mb or more:
doc 1.7Mb
libs 3.9Mb
Flavors: r-release-macos-arm64, r-release-macos-x86_64, r-oldrel-macos-arm64, r-oldrel-macos-x86_64