Last updated on 2024-06-03 21:52:26 CEST.
Flavor | Version | Tinstall | Tcheck | Ttotal | Status | Flags |
---|---|---|---|---|---|---|
r-devel-linux-x86_64-debian-clang | 1.0-4 | 11.78 | 113.69 | 125.47 | OK | |
r-devel-linux-x86_64-debian-gcc | 1.0-4 | 7.19 | 81.73 | 88.92 | OK | |
r-devel-linux-x86_64-fedora-clang | 1.0-4 | 150.97 | NOTE | |||
r-devel-linux-x86_64-fedora-gcc | 1.0-4 | 141.91 | NOTE | |||
r-devel-windows-x86_64 | 1.0-4 | 10.00 | 101.00 | 111.00 | OK | |
r-patched-linux-x86_64 | 1.0-4 | 14.26 | 107.83 | 122.09 | OK | |
r-release-linux-x86_64 | 1.0-4 | 8.52 | 108.17 | 116.69 | OK | |
r-release-macos-arm64 | 1.0-4 | 41.00 | OK | |||
r-release-macos-x86_64 | 1.0-4 | 117.00 | OK | |||
r-release-windows-x86_64 | 1.0-4 | 10.00 | 100.00 | 110.00 | OK | |
r-oldrel-macos-arm64 | 1.0-4 | 49.00 | OK | |||
r-oldrel-macos-x86_64 | 1.0-4 | 86.00 | OK | |||
r-oldrel-windows-x86_64 | 1.0-4 | 12.00 | 119.00 | 131.00 | OK |
Version: 1.0-4
Check: data for non-ASCII characters
Result: NOTE
Note: found 1 marked UTF-8 string
Flavors: r-devel-linux-x86_64-fedora-clang, r-devel-linux-x86_64-fedora-gcc