Last updated on 2024-06-05 03:49:58 CEST.
Flavor | Version | Tinstall | Tcheck | Ttotal | Status | Flags |
---|---|---|---|---|---|---|
r-devel-linux-x86_64-debian-clang | 5.1.0 | 11.53 | 118.93 | 130.46 | OK | |
r-devel-linux-x86_64-debian-gcc | 5.1.0 | 7.85 | 86.52 | 94.37 | OK | |
r-devel-linux-x86_64-fedora-clang | 5.1.0 | 159.40 | NOTE | |||
r-devel-linux-x86_64-fedora-gcc | 5.1.0 | 149.05 | NOTE | |||
r-devel-windows-x86_64 | 5.1.0 | 11.00 | 117.00 | 128.00 | OK | |
r-patched-linux-x86_64 | 5.1.0 | 16.56 | 113.27 | 129.83 | OK | |
r-release-linux-x86_64 | 5.1.0 | 11.71 | 112.33 | 124.04 | OK | |
r-release-macos-arm64 | 5.1.0 | 47.00 | OK | |||
r-release-macos-x86_64 | 5.1.0 | 126.00 | OK | |||
r-release-windows-x86_64 | 5.1.0 | 11.00 | 116.00 | 127.00 | OK | |
r-oldrel-macos-arm64 | 5.1.0 | 52.00 | OK | |||
r-oldrel-macos-x86_64 | 5.1.0 | 129.00 | OK | |||
r-oldrel-windows-x86_64 | 5.1.0 | 13.00 | 172.00 | 185.00 | OK |
Version: 5.1.0
Check: data for non-ASCII characters
Result: NOTE
Note: found 138 marked UTF-8 strings
Flavors: r-devel-linux-x86_64-fedora-clang, r-devel-linux-x86_64-fedora-gcc