Last updated on 2024-06-03 21:52:28 CEST.
Flavor | Version | Tinstall | Tcheck | Ttotal | Status | Flags |
---|---|---|---|---|---|---|
r-devel-linux-x86_64-debian-clang | 0.1.0 | 3.60 | 39.70 | 43.30 | NOTE | |
r-devel-linux-x86_64-debian-gcc | 0.1.0 | 2.33 | 30.34 | 32.67 | NOTE | |
r-devel-linux-x86_64-fedora-clang | 0.1.0 | 54.93 | NOTE | |||
r-devel-linux-x86_64-fedora-gcc | 0.1.0 | 51.36 | NOTE | |||
r-devel-windows-x86_64 | 0.1.0 | 5.00 | 53.00 | 58.00 | NOTE | |
r-patched-linux-x86_64 | 0.1.0 | 2.93 | 37.78 | 40.71 | NOTE | |
r-release-linux-x86_64 | 0.1.0 | 2.87 | 37.10 | 39.97 | NOTE | |
r-release-macos-arm64 | 0.1.0 | 25.00 | NOTE | |||
r-release-windows-x86_64 | 0.1.0 | 4.00 | 52.00 | 56.00 | NOTE | |
r-oldrel-macos-arm64 | 0.1.0 | 26.00 | NOTE | |||
r-oldrel-macos-x86_64 | 0.1.0 | 32.00 | NOTE | |||
r-oldrel-windows-x86_64 | 0.1.0 | 5.00 | 56.00 | 61.00 | NOTE |
Version: 0.1.0
Check: package dependencies
Result: NOTE
Package suggested but not available for checking: ‘locClass’
Flavors: r-devel-linux-x86_64-debian-clang, r-devel-linux-x86_64-debian-gcc, r-devel-linux-x86_64-fedora-clang, r-devel-linux-x86_64-fedora-gcc, r-devel-windows-x86_64, r-patched-linux-x86_64, r-release-linux-x86_64, r-release-macos-arm64, r-release-windows-x86_64, r-oldrel-macos-arm64, r-oldrel-macos-x86_64, r-oldrel-windows-x86_64