Last updated on 2024-06-05 21:54:19 CEST.
Flavor | Version | Tinstall | Tcheck | Ttotal | Status | Flags |
---|---|---|---|---|---|---|
r-devel-linux-x86_64-debian-clang | 2.1.5 | 150.31 | 126.14 | 276.45 | NOTE | |
r-devel-linux-x86_64-debian-gcc | 2.1.5 | 101.40 | 92.86 | 194.26 | NOTE | |
r-devel-linux-x86_64-fedora-clang | 2.1.5 | 394.56 | NOTE | |||
r-devel-linux-x86_64-fedora-gcc | 2.1.5 | 289.56 | NOTE | |||
r-devel-windows-x86_64 | 2.1.5 | 110.00 | 155.00 | 265.00 | NOTE | |
r-patched-linux-x86_64 | 2.1.5 | 121.19 | 124.80 | 245.99 | NOTE | |
r-release-linux-x86_64 | 2.1.5 | 121.73 | 125.74 | 247.47 | NOTE | |
r-release-macos-arm64 | 2.1.5 | 84.00 | NOTE | |||
r-release-macos-x86_64 | 2.1.5 | 107.00 | NOTE | |||
r-release-windows-x86_64 | 2.1.5 | 114.00 | 158.00 | 272.00 | NOTE | |
r-oldrel-macos-arm64 | 2.1.5 | 79.00 | NOTE | |||
r-oldrel-macos-x86_64 | 2.1.5 | 129.00 | NOTE | |||
r-oldrel-windows-x86_64 | 2.1.5 | 130.00 | 182.00 | 312.00 | NOTE |
Version: 2.1.5
Check: C++ specification
Result: NOTE
Specified C++11: please drop specification unless essential
Flavors: r-devel-linux-x86_64-debian-clang, r-devel-linux-x86_64-debian-gcc, r-devel-linux-x86_64-fedora-clang, r-devel-linux-x86_64-fedora-gcc, r-devel-windows-x86_64, r-patched-linux-x86_64, r-release-linux-x86_64, r-release-macos-arm64, r-release-macos-x86_64, r-release-windows-x86_64, r-oldrel-macos-arm64, r-oldrel-macos-x86_64, r-oldrel-windows-x86_64
Version: 2.1.5
Check: installed package size
Result: NOTE
installed size is 5.7Mb
sub-directories of 1Mb or more:
libs 5.0Mb
Flavors: r-release-macos-arm64, r-release-macos-x86_64, r-oldrel-macos-arm64, r-oldrel-macos-x86_64
Version: 2.1.5
Check: package dependencies
Result: NOTE
Package suggested but not available for checking: ‘VariantAnnotation’
Flavors: r-oldrel-macos-arm64, r-oldrel-macos-x86_64