Last updated on 2024-05-25 12:48:03 CEST.
Flavor | Version | Tinstall | Tcheck | Ttotal | Status | Flags |
---|---|---|---|---|---|---|
r-devel-linux-x86_64-debian-clang | 0.0.2 | 54.30 | 80.34 | 134.64 | NOTE | |
r-devel-linux-x86_64-debian-gcc | 0.0.2 | 36.17 | 59.02 | 95.19 | NOTE | |
r-devel-linux-x86_64-fedora-clang | 0.0.2 | 177.53 | NOTE | |||
r-devel-linux-x86_64-fedora-gcc | 0.0.2 | 189.57 | NOTE | |||
r-devel-windows-x86_64 | 0.0.2 | 41.00 | 103.00 | 144.00 | NOTE | |
r-patched-linux-x86_64 | 0.0.2 | 40.03 | 74.08 | 114.11 | NOTE | |
r-release-linux-x86_64 | 0.0.2 | 50.04 | 73.94 | 123.98 | NOTE | |
r-release-macos-arm64 | 0.0.2 | 48.00 | NOTE | |||
r-release-windows-x86_64 | 0.0.2 | 41.00 | 99.00 | 140.00 | NOTE | |
r-oldrel-macos-arm64 | 0.0.2 | 54.00 | NOTE | |||
r-oldrel-macos-x86_64 | 0.0.2 | 85.00 | NOTE | |||
r-oldrel-windows-x86_64 | 0.0.2 | 49.00 | 115.00 | 164.00 | NOTE |
Version: 0.0.2
Check: C++ specification
Result: NOTE
Specified C++11: please drop specification unless essential
Flavors: r-devel-linux-x86_64-debian-clang, r-devel-linux-x86_64-debian-gcc, r-devel-linux-x86_64-fedora-clang, r-devel-linux-x86_64-fedora-gcc, r-devel-windows-x86_64, r-patched-linux-x86_64, r-release-linux-x86_64, r-release-macos-arm64, r-release-windows-x86_64, r-oldrel-macos-arm64, r-oldrel-macos-x86_64, r-oldrel-windows-x86_64
Version: 0.0.2
Check: package subdirectories
Result: NOTE
Problems with news in ‘NEWS.md’:
No news entries found.
Flavors: r-devel-linux-x86_64-debian-clang, r-devel-linux-x86_64-debian-gcc, r-devel-linux-x86_64-fedora-clang, r-devel-linux-x86_64-fedora-gcc, r-devel-windows-x86_64, r-patched-linux-x86_64, r-release-linux-x86_64, r-release-macos-arm64, r-release-windows-x86_64, r-oldrel-macos-arm64, r-oldrel-macos-x86_64, r-oldrel-windows-x86_64