Last updated on 2024-06-03 21:52:30 CEST.
Flavor | Version | Tinstall | Tcheck | Ttotal | Status | Flags |
---|---|---|---|---|---|---|
r-devel-linux-x86_64-debian-clang | 4.3.1 | 580.44 | 331.73 | 912.17 | OK | |
r-devel-linux-x86_64-debian-gcc | 4.3.1 | 436.69 | 222.82 | 659.51 | OK | |
r-devel-linux-x86_64-fedora-clang | 4.3.1 | 1095.58 | NOTE | |||
r-devel-linux-x86_64-fedora-gcc | 4.3.1 | 1258.19 | OK | |||
r-devel-windows-x86_64 | 4.3.1 | 380.00 | 287.00 | 667.00 | NOTE | |
r-patched-linux-x86_64 | 4.3.1 | 368.44 | 299.41 | 667.85 | OK | |
r-release-linux-x86_64 | 4.3.1 | 383.11 | 309.20 | 692.31 | OK | |
r-release-macos-arm64 | 4.3.1 | 192.00 | NOTE | |||
r-release-macos-x86_64 | 4.3.1 | 357.00 | NOTE | |||
r-release-windows-x86_64 | 4.3.1 | 369.00 | 283.00 | 652.00 | NOTE | |
r-oldrel-macos-arm64 | 4.3.1 | 229.00 | NOTE | |||
r-oldrel-macos-x86_64 | 4.3.1 | 356.00 | NOTE | |||
r-oldrel-windows-x86_64 | 4.3.1 | 492.00 | 370.00 | 862.00 | NOTE |
Version: 4.3.1
Check: installed package size
Result: NOTE
installed size is 5.6Mb
sub-directories of 1Mb or more:
libs 4.3Mb
Flavors: r-devel-linux-x86_64-fedora-clang, r-devel-windows-x86_64, r-release-macos-arm64, r-release-macos-x86_64, r-release-windows-x86_64, r-oldrel-macos-arm64, r-oldrel-macos-x86_64, r-oldrel-windows-x86_64