Last updated on 2024-06-03 21:52:30 CEST.
Flavor | Version | Tinstall | Tcheck | Ttotal | Status | Flags |
---|---|---|---|---|---|---|
r-devel-linux-x86_64-debian-clang | 0.0.5 | 4.42 | 60.24 | 64.66 | NOTE | |
r-devel-linux-x86_64-debian-gcc | 0.0.5 | 3.94 | 44.34 | 48.28 | NOTE | |
r-devel-linux-x86_64-fedora-clang | 0.0.5 | 82.90 | NOTE | |||
r-devel-linux-x86_64-fedora-gcc | 0.0.5 | 78.42 | NOTE | |||
r-devel-windows-x86_64 | 0.0.5 | 8.00 | 71.00 | 79.00 | NOTE | |
r-patched-linux-x86_64 | 0.0.5 | 7.32 | 57.96 | 65.28 | NOTE | |
r-release-linux-x86_64 | 0.0.5 | 5.54 | 58.39 | 63.93 | NOTE | |
r-release-macos-arm64 | 0.0.5 | 24.00 | NOTE | |||
r-release-windows-x86_64 | 0.0.5 | 7.00 | 70.00 | 77.00 | NOTE | |
r-oldrel-macos-arm64 | 0.0.5 | 32.00 | OK | |||
r-oldrel-macos-x86_64 | 0.0.5 | 55.00 | OK | |||
r-oldrel-windows-x86_64 | 0.0.5 | 9.00 | 81.00 | 90.00 | OK |
Version: 0.0.5
Check: Rd files
Result: NOTE
checkRd: (-1) generatepdm.Rd:27: Lost braces; missing escapes or markup?
27 | \item{PDM}{[PEM,TD, CD, {QD,RD}] is a Project Domain Matrix (a numeric matrix), where;}
| ^
checkRd: (-1) percent.Rd:10: Lost braces; missing escapes or markup?
10 | \item{PDM}{is a Project Domain Matrix (a numeric matrix), where PDM=[LD,TD, CD, {QD,RD}]. LD is an N by N upper triangular matrix of logic domain (a numeric matrix); TD is an N by w matrix of task durations (a numeric matrix); CD is an N by w matrix of cost demands (a numeric matrix); QD is an optinal N by w matrix of quality parameters (a numeric optional matrix); RD is an N by w*nR matrix of resource demands (a numeric optional matrix).}
| ^
checkRd: (-1) phase1.Rd:12: Lost braces; missing escapes or markup?
12 | \item{x}{is either a Project Domain Matrix (a numeric matrix), where PDM=[LD,TD, CD, {QD,RD}]. LD is an N by N upper triangular matrix of logic domain (a numeric matrix); TD is an N by w matrix of task durations (a numeric matrix); CD is an N by w matrix of cost demands (a numeric matrix); QD is an optinal N by w matrix of quality parameters (a numeric optional matrix); RD is an N by w*nR matrix of resource demands (a numeric optional matrix), or PDM list, which contain a PDM matrix, and the number of completion modes (w) and the number of resources.}
| ^
checkRd: (-1) phase2.Rd:10: Lost braces; missing escapes or markup?
10 | \item{x}{is either a Project Domain Matrix (a numeric matrix), where PDM=[LD,TD, CD, {QD,RD}]. LD is an N by N upper triangular matrix of logic domain (a numeric matrix); TD is an N by w matrix of task durations (a numeric matrix); CD is an N by w matrix of cost demands (a numeric matrix); QD is an optinal N by w matrix of quality parameters (a numeric optional matrix); RD is an N by w*nR matrix of resource demands (a numeric optional matrix), or PDM list, which contain a PDM matrix, and the number of completion modes (w) and the number of resources.}
| ^
checkRd: (-1) phase3.Rd:9: Lost braces; missing escapes or markup?
9 | \item{x}{is either a Project Domain Matrix (a numeric matrix), where PDM=[LD,TD, CD, {QD,RD}]. LD is an N by N upper triangular matrix of logic domain (a numeric matrix); TD is an N by w matrix of task durations (a numeric matrix); CD is an N by w matrix of cost demands (a numeric matrix); QD is an optinal N by w matrix of quality parameters (a numeric optional matrix); RD is an N by w*nR matrix of resource demands (a numeric optional matrix), or PDM list, which contain a PDM matrix, and the number of completion modes (w) and the number of resources.}
| ^
Flavors: r-devel-linux-x86_64-debian-clang, r-devel-linux-x86_64-debian-gcc, r-devel-linux-x86_64-fedora-clang, r-devel-linux-x86_64-fedora-gcc, r-devel-windows-x86_64, r-patched-linux-x86_64, r-release-linux-x86_64, r-release-macos-arm64, r-release-windows-x86_64