Last updated on 2024-06-05 07:00:42 CEST.
Flavor | Version | Tinstall | Tcheck | Ttotal | Status | Flags |
---|---|---|---|---|---|---|
r-devel-linux-x86_64-debian-clang | 0.6.1 | 10.47 | 122.84 | 133.31 | NOTE | |
r-devel-linux-x86_64-debian-gcc | 0.6.1 | 6.51 | 88.38 | 94.89 | NOTE | |
r-devel-linux-x86_64-fedora-clang | 0.6.1 | 164.53 | NOTE | |||
r-devel-linux-x86_64-fedora-gcc | 0.6.1 | 166.82 | NOTE | |||
r-devel-windows-x86_64 | 0.6.1 | 8.00 | 119.00 | 127.00 | NOTE | |
r-patched-linux-x86_64 | 0.6.1 | 8.01 | 116.49 | 124.50 | NOTE | |
r-release-linux-x86_64 | 0.6.1 | 5.72 | 113.76 | 119.48 | NOTE | |
r-release-macos-arm64 | 0.6.1 | 71.00 | NOTE | |||
r-release-macos-x86_64 | 0.6.1 | 106.00 | NOTE | |||
r-release-windows-x86_64 | 0.6.1 | 8.00 | 113.00 | 121.00 | NOTE | |
r-oldrel-macos-arm64 | 0.6.1 | 66.00 | OK | |||
r-oldrel-macos-x86_64 | 0.6.1 | 99.00 | OK | |||
r-oldrel-windows-x86_64 | 0.6.1 | 11.00 | 139.00 | 150.00 | OK |
Version: 0.6.1
Check: Rd files
Result: NOTE
checkRd: (-1) durante.Rd:60-61: Lost braces
60 | in their study, \doi{10.1177/0956797612466416}{\emph{The
| ^
checkRd: (-1) hurricane.Rd:34: Lost braces
34 | in their study, \doi{10.1073/pnas.1402786111}{\emph{Female hurricanes are deadlier than male hurricanes}}.
| ^
checkRd: (-1) userlogs.Rd:33: Lost braces
33 | \doi{10.1145/2470654.2481359}{Evaluating the Efficiency of Physical Visualizations}
| ^
Flavors: r-devel-linux-x86_64-debian-clang, r-devel-linux-x86_64-debian-gcc, r-devel-linux-x86_64-fedora-clang, r-devel-linux-x86_64-fedora-gcc, r-devel-windows-x86_64, r-patched-linux-x86_64, r-release-linux-x86_64, r-release-macos-arm64, r-release-macos-x86_64, r-release-windows-x86_64