Last updated on 2024-06-03 21:52:32 CEST.
Flavor | Version | Tinstall | Tcheck | Ttotal | Status | Flags |
---|---|---|---|---|---|---|
r-devel-linux-x86_64-debian-clang | 1.8.0 | 13.14 | 140.88 | 154.02 | NOTE | |
r-devel-linux-x86_64-debian-gcc | 1.8.0 | 10.72 | 104.56 | 115.28 | NOTE | |
r-devel-linux-x86_64-fedora-clang | 1.8.0 | 210.64 | NOTE | |||
r-devel-linux-x86_64-fedora-gcc | 1.8.0 | 192.84 | NOTE | |||
r-devel-windows-x86_64 | 1.8.0 | 12.00 | 118.00 | 130.00 | NOTE | |
r-patched-linux-x86_64 | 1.8.0 | 11.85 | 135.58 | 147.43 | NOTE | |
r-release-linux-x86_64 | 1.8.0 | 8.64 | 131.88 | 140.52 | NOTE | |
r-release-macos-arm64 | 1.8.0 | 64.00 | NOTE | |||
r-release-windows-x86_64 | 1.8.0 | 13.00 | 117.00 | 130.00 | NOTE | |
r-oldrel-macos-arm64 | 1.8.0 | 58.00 | NOTE | |||
r-oldrel-macos-x86_64 | 1.8.0 | 101.00 | NOTE | |||
r-oldrel-windows-x86_64 | 1.8.0 | 15.00 | 138.00 | 153.00 | NOTE |
Version: 1.8.0
Check: package subdirectories
Result: NOTE
Problems with news in ‘NEWS.md’:
No news entries found.
Flavors: r-devel-linux-x86_64-debian-clang, r-devel-linux-x86_64-debian-gcc, r-devel-linux-x86_64-fedora-clang, r-devel-linux-x86_64-fedora-gcc, r-devel-windows-x86_64, r-patched-linux-x86_64, r-release-linux-x86_64, r-release-macos-arm64, r-release-windows-x86_64, r-oldrel-macos-arm64, r-oldrel-macos-x86_64, r-oldrel-windows-x86_64
Version: 1.8.0
Check: Rd files
Result: NOTE
checkRd: (-1) word_imp.Rd:14: Lost braces
14 | number of individual records. An \code{n} x code{2} dataframe can
| ^
Flavors: r-devel-linux-x86_64-debian-clang, r-devel-linux-x86_64-debian-gcc, r-devel-linux-x86_64-fedora-clang, r-devel-linux-x86_64-fedora-gcc, r-devel-windows-x86_64, r-patched-linux-x86_64, r-release-linux-x86_64, r-release-macos-arm64, r-release-windows-x86_64