Last updated on 2024-05-25 12:48:10 CEST.
Flavor | Version | Tinstall | Tcheck | Ttotal | Status | Flags |
---|---|---|---|---|---|---|
r-devel-linux-x86_64-debian-clang | 1.0.0 | 3.19 | 25.32 | 28.51 | NOTE | |
r-devel-linux-x86_64-debian-gcc | 1.0.0 | 2.48 | 19.12 | 21.60 | NOTE | |
r-devel-linux-x86_64-fedora-clang | 1.0.0 | 35.83 | NOTE | |||
r-devel-linux-x86_64-fedora-gcc | 1.0.0 | 33.70 | NOTE | |||
r-devel-windows-x86_64 | 1.0.0 | 6.00 | 44.00 | 50.00 | NOTE | |
r-patched-linux-x86_64 | 1.0.0 | 2.22 | 24.08 | 26.30 | NOTE | |
r-release-linux-x86_64 | 1.0.0 | 2.06 | 24.21 | 26.27 | NOTE | |
r-release-macos-arm64 | 1.0.0 | 18.00 | NOTE | |||
r-release-windows-x86_64 | 1.0.0 | 7.00 | 66.00 | 73.00 | NOTE | |
r-oldrel-macos-arm64 | 1.0.0 | 19.00 | NOTE | |||
r-oldrel-macos-x86_64 | 1.0.0 | 23.00 | NOTE | |||
r-oldrel-windows-x86_64 | 1.0.0 | 8.00 | 44.00 | 52.00 | NOTE |
Version: 1.0.0
Check: LazyData
Result: NOTE
'LazyData' is specified without a 'data' directory
Flavors: r-devel-linux-x86_64-debian-clang, r-devel-linux-x86_64-debian-gcc, r-devel-linux-x86_64-fedora-clang, r-devel-linux-x86_64-fedora-gcc, r-devel-windows-x86_64, r-patched-linux-x86_64, r-release-linux-x86_64, r-release-macos-arm64, r-release-windows-x86_64, r-oldrel-macos-arm64, r-oldrel-macos-x86_64, r-oldrel-windows-x86_64