Last updated on 2024-05-25 12:48:12 CEST.
Flavor | Version | Tinstall | Tcheck | Ttotal | Status | Flags |
---|---|---|---|---|---|---|
r-devel-linux-x86_64-debian-clang | 0.2.1 | 4.65 | 60.73 | 65.38 | NOTE | |
r-devel-linux-x86_64-debian-gcc | 0.2.1 | 4.38 | 45.98 | 50.36 | NOTE | |
r-devel-linux-x86_64-fedora-clang | 0.2.1 | 83.67 | NOTE | |||
r-devel-linux-x86_64-fedora-gcc | 0.2.1 | 78.52 | NOTE | |||
r-devel-windows-x86_64 | 0.2.1 | 7.00 | 65.00 | 72.00 | NOTE | |
r-patched-linux-x86_64 | 0.2.1 | 3.74 | 59.06 | 62.80 | NOTE | |
r-release-linux-x86_64 | 0.2.1 | 4.86 | 58.12 | 62.98 | NOTE | |
r-release-macos-arm64 | 0.2.1 | 28.00 | NOTE | |||
r-release-windows-x86_64 | 0.2.1 | 8.00 | 95.00 | 103.00 | NOTE | |
r-oldrel-macos-arm64 | 0.2.1 | 32.00 | OK | |||
r-oldrel-macos-x86_64 | 0.2.1 | 46.00 | OK | |||
r-oldrel-windows-x86_64 | 0.2.1 | 8.00 | 73.00 | 81.00 | OK |
Version: 0.2.1
Check: Rd files
Result: NOTE
checkRd: (-1) regrad.Rd:46: Lost braces; missing escapes or markup?
46 | \item \code{x-axis} {1st column: The names of the different institutions}
| ^
checkRd: (-1) regrad.Rd:47: Lost braces; missing escapes or markup?
47 | \item \code{y-axis} {2nd column: The value to show completeness}
| ^
Flavors: r-devel-linux-x86_64-debian-clang, r-devel-linux-x86_64-debian-gcc, r-devel-linux-x86_64-fedora-clang, r-devel-linux-x86_64-fedora-gcc, r-devel-windows-x86_64, r-patched-linux-x86_64, r-release-linux-x86_64, r-release-macos-arm64, r-release-windows-x86_64