Last updated on 2024-06-05 03:50:07 CEST.
Flavor | Version | Tinstall | Tcheck | Ttotal | Status | Flags |
---|---|---|---|---|---|---|
r-devel-linux-x86_64-debian-clang | 1.2.2 | 12.40 | 97.58 | 109.98 | OK | |
r-devel-linux-x86_64-debian-gcc | 1.2.2 | 9.84 | 72.80 | 82.64 | OK | |
r-devel-linux-x86_64-fedora-clang | 1.2.2 | 136.03 | NOTE | |||
r-devel-linux-x86_64-fedora-gcc | 1.2.2 | 141.49 | NOTE | |||
r-devel-windows-x86_64 | 1.2.2 | 10.00 | 89.00 | 99.00 | OK | |
r-patched-linux-x86_64 | 1.2.2 | 13.06 | 93.51 | 106.57 | OK | |
r-release-linux-x86_64 | 1.2.2 | 11.52 | 94.62 | 106.14 | OK | |
r-release-macos-arm64 | 1.2.2 | 44.00 | OK | |||
r-release-macos-x86_64 | 1.2.2 | 146.00 | OK | |||
r-release-windows-x86_64 | 1.2.2 | 11.00 | 148.00 | 159.00 | OK | |
r-oldrel-macos-arm64 | 1.2.2 | 48.00 | OK | |||
r-oldrel-macos-x86_64 | 1.2.2 | 105.00 | OK | |||
r-oldrel-windows-x86_64 | 1.2.2 | 13.00 | 104.00 | 117.00 | OK |
Version: 1.2.2
Check: dependencies in R code
Result: NOTE
Namespace in Imports field not imported from: ‘quadprog’
All declared Imports should be used.
Flavors: r-devel-linux-x86_64-fedora-clang, r-devel-linux-x86_64-fedora-gcc