Last updated on 2024-06-05 12:59:14 CEST.
Flavor | Version | Tinstall | Tcheck | Ttotal | Status | Flags |
---|---|---|---|---|---|---|
r-devel-linux-x86_64-debian-clang | 3.0.3 | 155.23 | 244.37 | 399.60 | NOTE | |
r-devel-linux-x86_64-debian-gcc | 3.0.3 | 100.18 | 185.78 | 285.96 | NOTE | |
r-devel-linux-x86_64-fedora-clang | 3.0.3 | 562.38 | NOTE | |||
r-devel-linux-x86_64-fedora-gcc | 3.0.3 | 533.30 | NOTE | |||
r-devel-windows-x86_64 | 3.0.3 | 121.00 | 259.00 | 380.00 | NOTE | |
r-patched-linux-x86_64 | 3.0.3 | 129.67 | 255.48 | 385.15 | NOTE | |
r-release-linux-x86_64 | 3.0.3 | 122.18 | 238.46 | 360.64 | NOTE | |
r-release-macos-arm64 | 3.0.3 | 136.00 | NOTE | |||
r-release-macos-x86_64 | 3.0.3 | 194.00 | NOTE | |||
r-release-windows-x86_64 | 3.0.3 | 118.00 | 263.00 | 381.00 | NOTE | |
r-oldrel-macos-arm64 | 3.0.3 | 154.00 | OK | |||
r-oldrel-macos-x86_64 | 3.0.3 | 253.00 | OK | |||
r-oldrel-windows-x86_64 | 3.0.3 | 150.00 | 314.00 | 464.00 | OK |
Version: 3.0.3
Check: Rd files
Result: NOTE
checkRd: (-1) pl_fit.Rd:75: Lost braces in \itemize; meant \describe ?
checkRd: (-1) pl_fit.Rd:76-77: Lost braces in \itemize; meant \describe ?
checkRd: (-1) pl_fit.Rd:78-79: Lost braces in \itemize; meant \describe ?
checkRd: (-1) pl_fit.Rd:28: Lost braces in \itemize; \value handles \item{}{} directly
checkRd: (-1) pl_fit.Rd:29-30: Lost braces in \itemize; \value handles \item{}{} directly
checkRd: (-1) pl_fit.Rd:31: Lost braces in \itemize; \value handles \item{}{} directly
checkRd: (-1) pl_fit.Rd:32: Lost braces in \itemize; \value handles \item{}{} directly
checkRd: (-1) pl_fit.Rd:33: Lost braces in \itemize; \value handles \item{}{} directly
checkRd: (-1) pl_fit.Rd:39: Lost braces in \itemize; \value handles \item{}{} directly
checkRd: (-1) pl_fit.Rd:40-41: Lost braces in \itemize; \value handles \item{}{} directly
checkRd: (-1) pl_fit.Rd:42: Lost braces in \itemize; \value handles \item{}{} directly
checkRd: (-1) pl_fit.Rd:43: Lost braces in \itemize; \value handles \item{}{} directly
checkRd: (-1) simple_sews.Rd:40-42: Lost braces in \itemize; meant \describe ?
checkRd: (-1) simple_sews.Rd:43: Lost braces in \itemize; meant \describe ?
checkRd: (-1) simple_sews.Rd:44-46: Lost braces in \itemize; meant \describe ?
checkRd: (-1) simple_sews.Rd:47-48: Lost braces in \itemize; meant \describe ?
checkRd: (-1) simple_sews.Rd:49-50: Lost braces in \itemize; meant \describe ?
checkRd: (-1) simple_sews.Rd:57-59: Lost braces in \itemize; meant \describe ?
checkRd: (-1) simple_sews.Rd:60: Lost braces in \itemize; meant \describe ?
checkRd: (-1) simple_sews.Rd:61: Lost braces in \itemize; meant \describe ?
checkRd: (-1) simple_sews.Rd:62-64: Lost braces in \itemize; meant \describe ?
checkRd: (-1) simple_sews.Rd:65-67: Lost braces in \itemize; meant \describe ?
checkRd: (-1) simple_sews.Rd:68-69: Lost braces in \itemize; meant \describe ?
checkRd: (-1) simple_sews.Rd:70-71: Lost braces in \itemize; meant \describe ?
checkRd: (-1) simple_sews.Rd:72-73: Lost braces in \itemize; meant \describe ?
checkRd: (-1) simple_sews.Rd:74: Lost braces in \itemize; meant \describe ?
checkRd: (-1) simple_sews.Rd:75-76: Lost braces in \itemize; meant \describe ?
checkRd: (-1) simple_sews.Rd:77-79: Lost braces in \itemize; meant \describe ?
Flavors: r-devel-linux-x86_64-debian-clang, r-devel-linux-x86_64-debian-gcc, r-devel-linux-x86_64-fedora-clang, r-devel-linux-x86_64-fedora-gcc, r-devel-windows-x86_64, r-patched-linux-x86_64, r-release-linux-x86_64, r-release-macos-arm64, r-release-macos-x86_64, r-release-windows-x86_64