Last updated on 2024-06-05 07:00:53 CEST.
Flavor | Version | Tinstall | Tcheck | Ttotal | Status | Flags |
---|---|---|---|---|---|---|
r-devel-linux-x86_64-debian-clang | 1.1.2 | 262.22 | 43.14 | 305.36 | NOTE | |
r-devel-linux-x86_64-debian-gcc | 1.1.2 | 162.06 | 35.59 | 197.65 | NOTE | |
r-devel-linux-x86_64-fedora-clang | 1.1.2 | 470.59 | NOTE | |||
r-devel-linux-x86_64-fedora-gcc | 1.1.2 | 443.64 | NOTE | |||
r-devel-windows-x86_64 | 1.1.2 | 186.00 | 80.00 | 266.00 | NOTE | |
r-patched-linux-x86_64 | 1.1.2 | 187.81 | 46.14 | 233.95 | NOTE | |
r-release-linux-x86_64 | 1.1.2 | 191.83 | 44.43 | 236.26 | NOTE | |
r-release-macos-arm64 | 1.1.2 | 77.00 | NOTE | |||
r-release-macos-x86_64 | 1.1.2 | 75.00 | NOTE | |||
r-release-windows-x86_64 | 1.1.2 | 181.00 | 78.00 | 259.00 | NOTE | |
r-oldrel-macos-arm64 | 1.1.2 | 112.00 | NOTE | |||
r-oldrel-macos-x86_64 | 1.1.2 | 168.00 | NOTE | |||
r-oldrel-windows-x86_64 | 1.1.2 | 224.00 | 92.00 | 316.00 | NOTE |
Version: 1.1.2
Check: C++ specification
Result: NOTE
Specified C++14: please drop specification unless essential
Flavors: r-devel-linux-x86_64-debian-clang, r-devel-linux-x86_64-debian-gcc, r-devel-linux-x86_64-fedora-clang, r-devel-linux-x86_64-fedora-gcc, r-devel-windows-x86_64, r-patched-linux-x86_64, r-release-linux-x86_64, r-release-macos-arm64, r-release-macos-x86_64, r-release-windows-x86_64, r-oldrel-macos-arm64, r-oldrel-macos-x86_64, r-oldrel-windows-x86_64
Version: 1.1.2
Check: Rd files
Result: NOTE
checkRd: (-1) pmvn.Rd:21: Lost braces in \itemize; meant \describe ?
checkRd: (-1) pmvn.Rd:22: Lost braces in \itemize; meant \describe ?
checkRd: (-1) pmvn.Rd:23: Lost braces in \itemize; meant \describe ?
checkRd: (-1) pmvt.Rd:23: Lost braces in \itemize; meant \describe ?
checkRd: (-1) pmvt.Rd:24: Lost braces in \itemize; meant \describe ?
checkRd: (-1) pmvt.Rd:25: Lost braces in \itemize; meant \describe ?
Flavors: r-devel-linux-x86_64-debian-clang, r-devel-linux-x86_64-debian-gcc, r-devel-linux-x86_64-fedora-clang, r-devel-linux-x86_64-fedora-gcc, r-devel-windows-x86_64, r-patched-linux-x86_64, r-release-linux-x86_64, r-release-macos-arm64, r-release-macos-x86_64, r-release-windows-x86_64
Version: 1.1.2
Check: installed package size
Result: NOTE
installed size is 11.9Mb
sub-directories of 1Mb or more:
libs 11.8Mb
Flavors: r-release-macos-arm64, r-release-macos-x86_64, r-oldrel-macos-arm64, r-oldrel-macos-x86_64