Last updated on 2024-06-03 21:52:39 CEST.
Flavor | Version | Tinstall | Tcheck | Ttotal | Status | Flags |
---|---|---|---|---|---|---|
r-devel-linux-x86_64-debian-clang | 0.2.0 | 2.64 | 29.12 | 31.76 | NOTE | |
r-devel-linux-x86_64-debian-gcc | 0.2.0 | 1.89 | 21.79 | 23.68 | NOTE | |
r-devel-linux-x86_64-fedora-clang | 0.2.0 | 39.51 | NOTE | |||
r-devel-linux-x86_64-fedora-gcc | 0.2.0 | 37.05 | NOTE | |||
r-devel-windows-x86_64 | 0.2.0 | 4.00 | 45.00 | 49.00 | NOTE | |
r-patched-linux-x86_64 | 0.2.0 | 2.66 | 28.14 | 30.80 | NOTE | |
r-release-linux-x86_64 | 0.2.0 | 1.45 | 27.80 | 29.25 | NOTE | |
r-release-macos-arm64 | 0.2.0 | 20.00 | NOTE | |||
r-release-windows-x86_64 | 0.2.0 | 4.00 | 45.00 | 49.00 | NOTE | |
r-oldrel-macos-arm64 | 0.2.0 | 19.00 | NOTE | |||
r-oldrel-macos-x86_64 | 0.2.0 | 22.00 | NOTE | |||
r-oldrel-windows-x86_64 | 0.2.0 | 4.00 | 46.00 | 50.00 | NOTE |
Version: 0.2.0
Check: LazyData
Result: NOTE
'LazyData' is specified without a 'data' directory
Flavors: r-devel-linux-x86_64-debian-clang, r-devel-linux-x86_64-debian-gcc, r-devel-linux-x86_64-fedora-clang, r-devel-linux-x86_64-fedora-gcc, r-devel-windows-x86_64, r-patched-linux-x86_64, r-release-linux-x86_64, r-release-macos-arm64, r-release-windows-x86_64, r-oldrel-macos-arm64, r-oldrel-macos-x86_64, r-oldrel-windows-x86_64