CRAN Package Check Results for Package ADCT

Last updated on 2025-05-06 12:49:32 CEST.

Flavor Version Tinstall Tcheck Ttotal Status Flags
r-devel-linux-x86_64-debian-clang 0.1.0 1.70 22.68 24.38 NOTE
r-devel-linux-x86_64-debian-gcc 0.1.0 1.44 16.63 18.07 NOTE
r-devel-linux-x86_64-fedora-clang 0.1.0 38.14 OK
r-devel-linux-x86_64-fedora-gcc 0.1.0 36.61 OK
r-devel-windows-x86_64 0.1.0 4.00 56.00 60.00 OK
r-patched-linux-x86_64 0.1.0 1.68 22.93 24.61 OK
r-release-linux-x86_64 0.1.0 1.61 22.40 24.01 OK
r-release-macos-arm64 0.1.0 18.00 OK
r-release-macos-x86_64 0.1.0 29.00 OK
r-release-windows-x86_64 0.1.0 4.00 42.00 46.00 OK
r-oldrel-macos-arm64 0.1.0 22.00 NOTE
r-oldrel-macos-x86_64 0.1.0 24.00 NOTE
r-oldrel-windows-x86_64 0.1.0 2.00 48.00 50.00 NOTE

Check Details

Version: 0.1.0
Check: CRAN incoming feasibility
Result: NOTE Maintainer: ‘Yalin Zhu <yalin.zhu@outlook.com>’ No Authors@R field in DESCRIPTION. Please add one, modifying Authors@R: person(given = "Yalin", family = "Zhu", role = c("aut", "cre"), email = "yalin.zhu@outlook.com") as necessary. Flavors: r-devel-linux-x86_64-debian-clang, r-devel-linux-x86_64-debian-gcc

Version: 0.1.0
Check: LazyData
Result: NOTE 'LazyData' is specified without a 'data' directory Flavors: r-oldrel-macos-arm64, r-oldrel-macos-x86_64, r-oldrel-windows-x86_64