Last updated on 2025-05-03 21:51:09 CEST.
Flavor | Version | Tinstall | Tcheck | Ttotal | Status | Flags |
---|---|---|---|---|---|---|
r-devel-linux-x86_64-debian-clang | 0.3.0 | 1.66 | 25.90 | 27.56 | NOTE | |
r-devel-linux-x86_64-debian-gcc | 0.3.0 | 1.66 | 19.98 | 21.64 | NOTE | |
r-devel-linux-x86_64-fedora-clang | 0.3.0 | 45.67 | OK | |||
r-devel-linux-x86_64-fedora-gcc | 0.3.0 | 56.96 | OK | |||
r-devel-windows-x86_64 | 0.3.0 | 3.00 | 49.00 | 52.00 | OK | |
r-patched-linux-x86_64 | 0.3.0 | 2.21 | 25.19 | 27.40 | OK | |
r-release-linux-x86_64 | OK | |||||
r-release-macos-arm64 | 0.3.0 | 23.00 | OK | |||
r-release-macos-x86_64 | 0.3.0 | 48.00 | OK | |||
r-release-windows-x86_64 | 0.3.0 | 3.00 | 47.00 | 50.00 | OK | |
r-oldrel-macos-arm64 | 0.3.0 | 30.00 | OK | |||
r-oldrel-macos-x86_64 | 0.3.0 | 66.00 | OK | |||
r-oldrel-windows-x86_64 | 0.3.0 | 5.00 | 54.00 | 59.00 | OK |
Version: 0.3.0
Check: CRAN incoming feasibility
Result: NOTE
Maintainer: ‘Amarnath Bose <amarnath.bose@gmail.com>’
No Authors@R field in DESCRIPTION.
Please add one, modifying
Authors@R: person(given = "Amarnath",
family = "Bose",
role = c("aut", "cre"),
email = "amarnath.bose@gmail.com",
comment = c(ORCID = "0000-0003-1560-6745"))
as necessary.
Flavors: r-devel-linux-x86_64-debian-clang, r-devel-linux-x86_64-debian-gcc