Last updated on 2025-05-03 21:51:09 CEST.
Flavor | Version | Tinstall | Tcheck | Ttotal | Status | Flags |
---|---|---|---|---|---|---|
r-devel-linux-x86_64-debian-clang | 0.1.0 | 110.63 | 121.85 | 232.48 | OK | |
r-devel-linux-x86_64-debian-gcc | 0.1.0 | 68.48 | 83.98 | 152.46 | OK | |
r-devel-linux-x86_64-fedora-clang | 0.1.0 | 414.39 | OK | |||
r-devel-linux-x86_64-fedora-gcc | 0.1.0 | 407.95 | OK | |||
r-devel-windows-x86_64 | 0.1.0 | 127.00 | 144.00 | 271.00 | OK | |
r-patched-linux-x86_64 | 0.1.0 | 98.02 | 110.70 | 208.72 | OK | |
r-release-linux-x86_64 | OK | |||||
r-release-macos-arm64 | 0.1.0 | 87.00 | OK | |||
r-release-macos-x86_64 | 0.1.0 | 135.00 | OK | |||
r-release-windows-x86_64 | 0.1.0 | 126.00 | 138.00 | 264.00 | OK | |
r-oldrel-macos-arm64 | 0.1.0 | 88.00 | OK | |||
r-oldrel-macos-x86_64 | 0.1.0 | 147.00 | OK | |||
r-oldrel-windows-x86_64 | 0.1.0 | 152.00 | 179.00 | 331.00 | ERROR |
Version: 0.1.0
Check: re-building of vignette outputs
Result: ERROR
Error(s) in re-building vignettes:
--- re-building 'ascariasis.Rmd' using rmarkdown
File figure/asc_plot_mixt-1.png not found in resource path
Error: processing vignette 'ascariasis.Rmd' failed with diagnostics:
pandoc document conversion failed with error 99
--- failed re-building 'ascariasis.Rmd'
--- re-building 'simulation_study.Rmd' using rmarkdown
File figure/sim_plot_true_data-1.png not found in resource path
Error: processing vignette 'simulation_study.Rmd' failed with diagnostics:
pandoc document conversion failed with error 99
--- failed re-building 'simulation_study.Rmd'
SUMMARY: processing the following files failed:
'ascariasis.Rmd' 'simulation_study.Rmd'
Error: Vignette re-building failed.
Execution halted
Flavor: r-oldrel-windows-x86_64