Last updated on 2025-05-03 21:51:09 CEST.
Flavor | Version | Tinstall | Tcheck | Ttotal | Status | Flags |
---|---|---|---|---|---|---|
r-devel-linux-x86_64-debian-clang | 0.1.0 | 1.72 | 16.31 | 18.03 | NOTE | |
r-devel-linux-x86_64-debian-gcc | 0.1.0 | 1.48 | 13.48 | 14.96 | NOTE | |
r-devel-linux-x86_64-fedora-clang | 0.1.0 | 28.80 | NOTE | |||
r-devel-linux-x86_64-fedora-gcc | 0.1.0 | 27.18 | NOTE | |||
r-devel-windows-x86_64 | 0.1.0 | 5.00 | 39.00 | 44.00 | OK | |
r-patched-linux-x86_64 | 0.1.0 | 1.84 | 15.58 | 17.42 | OK | |
r-release-linux-x86_64 | OK | |||||
r-release-macos-arm64 | 0.1.0 | 16.00 | OK | |||
r-release-macos-x86_64 | 0.1.0 | 23.00 | OK | |||
r-release-windows-x86_64 | 0.1.0 | 4.00 | 36.00 | 40.00 | OK | |
r-oldrel-macos-arm64 | 0.1.0 | 14.00 | NOTE | |||
r-oldrel-macos-x86_64 | 0.1.0 | 19.00 | NOTE | |||
r-oldrel-windows-x86_64 | 0.1.0 | 5.00 | 41.00 | 46.00 | NOTE |
Version: 0.1.0
Check: CRAN incoming feasibility
Result: NOTE
Maintainer: ‘Kartikeya Bolar <kartikeya.bolar@tapmi.edu.in>’
No Authors@R field in DESCRIPTION.
Please add one, modifying
Authors@R: person(given = "Kartikeya",
family = "Bolar",
role = c("aut", "cre"),
email = "kartikeya.bolar@tapmi.edu.in")
as necessary.
Flavors: r-devel-linux-x86_64-debian-clang, r-devel-linux-x86_64-debian-gcc
Version: 0.1.0
Check: dependencies in R code
Result: NOTE
Namespaces in Imports field not imported from:
‘car’ ‘datasets’ ‘dplyr’ ‘ggplot2’ ‘plotly’ ‘shiny’
All declared Imports should be used.
Flavors: r-devel-linux-x86_64-fedora-clang, r-devel-linux-x86_64-fedora-gcc
Version: 0.1.0
Check: LazyData
Result: NOTE
'LazyData' is specified without a 'data' directory
Flavors: r-oldrel-macos-arm64, r-oldrel-macos-x86_64, r-oldrel-windows-x86_64