CRAN Package Check Results for Package ARpLMEC

Last updated on 2025-07-25 06:49:27 CEST.

Flavor Version Tinstall Tcheck Ttotal Status Flags
r-devel-linux-x86_64-debian-clang 2.4.1 22.15 114.95 137.10 NOTE
r-devel-linux-x86_64-debian-gcc 2.4.1 15.35 86.11 101.46 NOTE
r-devel-linux-x86_64-fedora-clang 2.4.1 216.66 OK
r-devel-linux-x86_64-fedora-gcc 2.4.1 221.82 OK
r-devel-windows-x86_64 2.4.1 20.00 100.00 120.00 OK
r-patched-linux-x86_64 2.4.1 21.91 107.57 129.48 OK
r-release-linux-x86_64 2.4.1 21.46 108.71 130.17 OK
r-release-macos-arm64 2.4.1 107.00 OK
r-release-macos-x86_64 2.4.1 486.00 OK
r-release-windows-x86_64 2.4.1 17.00 98.00 115.00 OK
r-oldrel-macos-arm64 2.4.1 70.00 OK
r-oldrel-macos-x86_64 2.4.1 95.00 OK
r-oldrel-windows-x86_64 2.4.1 26.00 126.00 152.00 OK

Check Details

Version: 2.4.1
Check: CRAN incoming feasibility
Result: NOTE Maintainer: ‘Rommy C. Olivari <rco1@de.ufpe.br>’ No Authors@R field in DESCRIPTION. Please add one, modifying Authors@R: c(person(given = c("Rommy", "C."), family = "Olivari", role = c("aut", "cre"), email = "rco1@de.ufpe.br"), person(given = "Kelin", family = "Zhong", role = "aut"), person(given = c("Aldo", "M."), family = "Garay", role = "aut"), person(given = c("Victor", "H."), family = "Lachos", role = "aut")) as necessary. Flavors: r-devel-linux-x86_64-debian-clang, r-devel-linux-x86_64-debian-gcc