Last updated on 2025-05-03 21:51:10 CEST.
Flavor | Version | Tinstall | Tcheck | Ttotal | Status | Flags |
---|---|---|---|---|---|---|
r-devel-linux-x86_64-debian-clang | 1.7.6 | 3.47 | 31.98 | 35.45 | NOTE | |
r-devel-linux-x86_64-debian-gcc | 1.7.6 | 2.83 | 24.64 | 27.47 | NOTE | |
r-devel-linux-x86_64-fedora-clang | 1.7.6 | 53.86 | OK | |||
r-devel-linux-x86_64-fedora-gcc | 1.7.6 | 51.30 | OK | |||
r-devel-windows-x86_64 | 1.7.6 | 4.00 | 47.00 | 51.00 | OK | --no-examples --no-tests --no-vignettes |
r-patched-linux-x86_64 | 1.7.6 | 3.72 | 29.25 | 32.97 | OK | |
r-release-linux-x86_64 | OK | |||||
r-release-macos-arm64 | 1.7.6 | 24.00 | OK | |||
r-release-macos-x86_64 | 1.7.6 | 47.00 | OK | |||
r-release-windows-x86_64 | 1.7.6 | 4.00 | 47.00 | 51.00 | OK | --no-examples --no-tests --no-vignettes |
r-oldrel-macos-arm64 | 1.7.6 | 22.00 | OK | |||
r-oldrel-macos-x86_64 | 1.7.6 | 31.00 | OK | |||
r-oldrel-windows-x86_64 | 1.7.6 | 6.00 | 43.00 | 49.00 | OK | --no-examples --no-tests --no-vignettes |
Version: 1.7.6
Check: CRAN incoming feasibility
Result: NOTE
Maintainer: ‘Gergely Daroczi <daroczig@rapporter.net>’
No Authors@R field in DESCRIPTION.
Please add one, modifying
Authors@R: person(given = "Gergely",
family = "Daroczi",
role = c("aut", "cre"),
email = "daroczig@rapporter.net")
as necessary.
Flavors: r-devel-linux-x86_64-debian-clang, r-devel-linux-x86_64-debian-gcc