Last updated on 2024-06-17 06:50:10 CEST.
Flavor | Version | Tinstall | Tcheck | Ttotal | Status | Flags |
---|---|---|---|---|---|---|
r-devel-linux-x86_64-debian-clang | 0.3.0 | 9.93 | 82.57 | 92.50 | NOTE | |
r-devel-linux-x86_64-debian-gcc | 0.3.0 | 7.57 | 61.47 | 69.04 | NOTE | |
r-devel-linux-x86_64-fedora-clang | 0.3.0 | 113.91 | NOTE | |||
r-devel-linux-x86_64-fedora-gcc | 0.3.0 | 107.39 | NOTE | |||
r-devel-windows-x86_64 | 0.3.0 | 10.00 | 80.00 | 90.00 | NOTE | |
r-patched-linux-x86_64 | 0.3.0 | 5.37 | 81.05 | 86.42 | NOTE | |
r-release-linux-x86_64 | 0.3.0 | 5.71 | 79.65 | 85.36 | NOTE | |
r-release-macos-arm64 | 0.3.0 | 35.00 | NOTE | |||
r-release-macos-x86_64 | 0.3.0 | 50.00 | NOTE | |||
r-release-windows-x86_64 | 0.3.0 | 9.00 | 86.00 | 95.00 | NOTE | |
r-oldrel-macos-arm64 | 0.3.0 | 37.00 | NOTE | |||
r-oldrel-macos-x86_64 | 0.3.0 | 55.00 | NOTE | |||
r-oldrel-windows-x86_64 | 0.3.0 | 12.00 | 100.00 | 112.00 | NOTE |
Version: 0.3.0
Check: package subdirectories
Result: NOTE
Problems with news in ‘NEWS.md’:
No news entries found.
Flavors: r-devel-linux-x86_64-debian-clang, r-devel-linux-x86_64-debian-gcc, r-devel-linux-x86_64-fedora-clang, r-devel-linux-x86_64-fedora-gcc, r-devel-windows-x86_64, r-patched-linux-x86_64, r-release-linux-x86_64, r-release-macos-arm64, r-release-macos-x86_64, r-release-windows-x86_64, r-oldrel-macos-arm64, r-oldrel-macos-x86_64, r-oldrel-windows-x86_64