Last updated on 2025-07-22 12:49:26 CEST.
Flavor | Version | Tinstall | Tcheck | Ttotal | Status | Flags |
---|---|---|---|---|---|---|
r-devel-linux-x86_64-debian-clang | 0.1.1 | 11.67 | 104.86 | 116.53 | NOTE | |
r-devel-linux-x86_64-debian-gcc | 0.1.1 | 8.61 | 77.83 | 86.44 | NOTE | |
r-devel-linux-x86_64-fedora-clang | 0.1.1 | 188.79 | NOTE | |||
r-devel-linux-x86_64-fedora-gcc | 0.1.1 | 210.18 | NOTE | |||
r-devel-windows-x86_64 | 0.1.1 | 12.00 | 104.00 | 116.00 | NOTE | |
r-patched-linux-x86_64 | 0.1.1 | 11.27 | 99.92 | 111.19 | NOTE | |
r-release-linux-x86_64 | 0.1.1 | 11.40 | 98.34 | 109.74 | NOTE | |
r-release-macos-arm64 | 0.1.1 | 55.00 | NOTE | |||
r-release-macos-x86_64 | 0.1.1 | 104.00 | NOTE | |||
r-release-windows-x86_64 | 0.1.1 | 14.00 | 103.00 | 117.00 | NOTE | |
r-oldrel-macos-arm64 | 0.1.1 | 55.00 | NOTE | |||
r-oldrel-macos-x86_64 | 0.1.1 | 90.00 | NOTE | |||
r-oldrel-windows-x86_64 | 0.1.1 | 17.00 | 135.00 | 152.00 | NOTE |
Version: 0.1.1
Check: package subdirectories
Result: NOTE
Problems with news in ‘NEWS.md’:
No news entries found.
Flavors: r-devel-linux-x86_64-debian-clang, r-devel-linux-x86_64-debian-gcc, r-devel-linux-x86_64-fedora-clang, r-devel-linux-x86_64-fedora-gcc, r-devel-windows-x86_64, r-patched-linux-x86_64, r-release-linux-x86_64, r-release-macos-arm64, r-release-macos-x86_64, r-release-windows-x86_64, r-oldrel-macos-arm64, r-oldrel-macos-x86_64, r-oldrel-windows-x86_64
Version: 0.1.1
Check: dependencies in R code
Result: NOTE
Namespace in Imports field not imported from: ‘tidyr’
All declared Imports should be used.
Flavors: r-devel-linux-x86_64-fedora-clang, r-devel-linux-x86_64-fedora-gcc