Last updated on 2025-05-03 21:51:09 CEST.
Flavor | Version | Tinstall | Tcheck | Ttotal | Status | Flags |
---|---|---|---|---|---|---|
r-devel-linux-x86_64-debian-clang | 1.0.7 | 5.28 | 56.70 | 61.98 | NOTE | |
r-devel-linux-x86_64-debian-gcc | 1.0.7 | 3.35 | 43.41 | 46.76 | NOTE | |
r-devel-linux-x86_64-fedora-clang | 1.0.7 | 96.94 | OK | |||
r-devel-linux-x86_64-fedora-gcc | 1.0.7 | 107.32 | OK | |||
r-devel-windows-x86_64 | 1.0.7 | 7.00 | 82.00 | 89.00 | OK | |
r-patched-linux-x86_64 | 1.0.7 | 4.65 | 54.28 | 58.93 | OK | |
r-release-linux-x86_64 | OK | |||||
r-release-macos-arm64 | 1.0.7 | 37.00 | OK | |||
r-release-macos-x86_64 | 1.0.7 | 95.00 | OK | |||
r-release-windows-x86_64 | 1.0.7 | 6.00 | 81.00 | 87.00 | OK | |
r-oldrel-macos-arm64 | 1.0.7 | 41.00 | OK | |||
r-oldrel-macos-x86_64 | 1.0.7 | 57.00 | OK | |||
r-oldrel-windows-x86_64 | 1.0.7 | 8.00 | 93.00 | 101.00 | OK |
Version: 1.0.7
Check: CRAN incoming feasibility
Result: NOTE
Maintainer: ‘Ville-Petteri Makinen <vpmakine@gmail.com>’
No Authors@R field in DESCRIPTION.
Please add one, modifying
Authors@R: person(given = "Ville-Petteri",
family = "Makinen",
role = c("aut", "cre"),
email = "vpmakine@gmail.com")
as necessary.
Flavors: r-devel-linux-x86_64-debian-clang, r-devel-linux-x86_64-debian-gcc