CRAN Package Check Results for Package AnimalHabitatNetwork

Last updated on 2025-05-03 21:51:09 CEST.

Flavor Version Tinstall Tcheck Ttotal Status Flags
r-devel-linux-x86_64-debian-clang 0.1.0 5.31 45.38 50.69 NOTE
r-devel-linux-x86_64-debian-gcc 0.1.0 3.21 33.80 37.01 NOTE
r-devel-linux-x86_64-fedora-clang 0.1.0 70.72 NOTE
r-devel-linux-x86_64-fedora-gcc 0.1.0 73.39 NOTE
r-devel-windows-x86_64 0.1.0 7.00 61.00 68.00 NOTE
r-patched-linux-x86_64 0.1.0 4.38 42.24 46.62 NOTE
r-release-linux-x86_64 NOTE
r-release-macos-arm64 0.1.0 25.00 NOTE
r-release-macos-x86_64 0.1.0 44.00 NOTE
r-release-windows-x86_64 0.1.0 6.00 60.00 66.00 NOTE
r-oldrel-macos-arm64 0.1.0 24.00 NOTE
r-oldrel-macos-x86_64 0.1.0 36.00 NOTE
r-oldrel-windows-x86_64 0.1.0 8.00 71.00 79.00 NOTE

Check Details

Version: 0.1.0
Check: package subdirectories
Result: NOTE Problems with news in ‘NEWS.md’: No news entries found. Flavors: r-devel-linux-x86_64-debian-clang, r-devel-linux-x86_64-debian-gcc, r-devel-linux-x86_64-fedora-clang, r-devel-linux-x86_64-fedora-gcc, r-devel-windows-x86_64, r-patched-linux-x86_64, r-release-linux-x86_64, r-release-macos-arm64, r-release-macos-x86_64, r-release-windows-x86_64, r-oldrel-macos-arm64, r-oldrel-macos-x86_64, r-oldrel-windows-x86_64