Last updated on 2025-05-03 21:51:10 CEST.
Flavor | Version | Tinstall | Tcheck | Ttotal | Status | Flags |
---|---|---|---|---|---|---|
r-devel-linux-x86_64-debian-clang | 2.0.5 | 13.14 | 98.45 | 111.59 | NOTE | |
r-devel-linux-x86_64-debian-gcc | 2.0.5 | 9.29 | 75.73 | 85.02 | NOTE | |
r-devel-linux-x86_64-fedora-clang | 2.0.5 | 179.79 | OK | |||
r-devel-linux-x86_64-fedora-gcc | 2.0.5 | 167.32 | OK | |||
r-devel-windows-x86_64 | 2.0.5 | 13.00 | 116.00 | 129.00 | OK | |
r-patched-linux-x86_64 | 2.0.5 | 13.09 | 94.58 | 107.67 | OK | |
r-release-linux-x86_64 | OK | |||||
r-release-macos-arm64 | 2.0.5 | 48.00 | OK | |||
r-release-macos-x86_64 | 2.0.5 | 97.00 | OK | |||
r-release-windows-x86_64 | 2.0.5 | 13.00 | 116.00 | 129.00 | OK | |
r-oldrel-macos-arm64 | 2.0.5 | 48.00 | NOTE | |||
r-oldrel-macos-x86_64 | 2.0.5 | 107.00 | NOTE | |||
r-oldrel-windows-x86_64 | 2.0.5 | 18.00 | 138.00 | 156.00 | NOTE |
Version: 2.0.5
Check: CRAN incoming feasibility
Result: NOTE
Maintainer: ‘Antonio Profico <antonio.profico@gmail.com>’
No Authors@R field in DESCRIPTION.
Please add one, modifying
Authors@R: c(person(given = "Antonio",
family = "Profico",
role = c("aut", "cre"),
email = "antonio.profico@gmail.com"),
person(given = "Costantino",
family = "Buzi",
role = "aut"),
person(given = "Silvia",
family = "Castiglione",
role = "aut"),
person(given = "Marina",
family = "Melchionna",
role = "aut"),
person(given = "Paolo",
family = "Piras",
role = "aut"),
person(given = "Pasquale",
family = "Raia",
role = "aut"),
person(given = "Alessio",
family = "Veneziano",
role = "aut"))
as necessary.
Flavors: r-devel-linux-x86_64-debian-clang, r-devel-linux-x86_64-debian-gcc
Version: 2.0.5
Check: installed package size
Result: NOTE
installed size is 5.4Mb
sub-directories of 1Mb or more:
data 5.1Mb
Flavors: r-oldrel-macos-arm64, r-oldrel-macos-x86_64, r-oldrel-windows-x86_64