Last updated on 2025-05-03 21:51:10 CEST.
Flavor | Version | Tinstall | Tcheck | Ttotal | Status | Flags |
---|---|---|---|---|---|---|
r-devel-linux-x86_64-debian-clang | 0.2.0 | 4.33 | 40.11 | 44.44 | NOTE | |
r-devel-linux-x86_64-debian-gcc | 0.2.0 | 3.60 | 30.83 | 34.43 | NOTE | |
r-devel-linux-x86_64-fedora-clang | 0.2.0 | 71.28 | OK | |||
r-devel-linux-x86_64-fedora-gcc | 0.2.0 | 67.18 | OK | |||
r-devel-windows-x86_64 | 0.2.0 | 7.00 | 57.00 | 64.00 | OK | |
r-patched-linux-x86_64 | 0.2.0 | 4.70 | 37.90 | 42.60 | OK | |
r-release-linux-x86_64 | OK | |||||
r-release-macos-arm64 | 0.2.0 | 40.00 | OK | |||
r-release-macos-x86_64 | 0.2.0 | 46.00 | OK | |||
r-release-windows-x86_64 | 0.2.0 | 6.00 | 55.00 | 61.00 | OK | |
r-oldrel-macos-arm64 | 0.2.0 | 24.00 | NOTE | |||
r-oldrel-macos-x86_64 | 0.2.0 | 43.00 | NOTE | |||
r-oldrel-windows-x86_64 | 0.2.0 | 8.00 | 66.00 | 74.00 | NOTE |
Version: 0.2.0
Check: CRAN incoming feasibility
Result: NOTE
Maintainer: ‘Aritra Banerjee <aritra306@gmail.com>’
No Authors@R field in DESCRIPTION.
Please add one, modifying
Authors@R: person(given = "Aritra",
family = "Banerjee",
role = c("aut", "cre"),
email = "aritra306@gmail.com")
as necessary.
Flavors: r-devel-linux-x86_64-debian-clang, r-devel-linux-x86_64-debian-gcc
Version: 0.2.0
Check: LazyData
Result: NOTE
'LazyData' is specified without a 'data' directory
Flavors: r-oldrel-macos-arm64, r-oldrel-macos-x86_64, r-oldrel-windows-x86_64