Last updated on 2025-05-05 21:50:56 CEST.
Flavor | Version | Tinstall | Tcheck | Ttotal | Status | Flags |
---|---|---|---|---|---|---|
r-devel-linux-x86_64-debian-clang | 0.2.0 | 13.66 | 108.51 | 122.17 | NOTE | |
r-devel-linux-x86_64-debian-gcc | 0.2.0 | 11.05 | 76.31 | 87.36 | NOTE | |
r-devel-linux-x86_64-fedora-clang | 0.2.0 | 179.90 | OK | |||
r-devel-linux-x86_64-fedora-gcc | 0.2.0 | 173.23 | OK | |||
r-devel-windows-x86_64 | 0.2.0 | 15.00 | 107.00 | 122.00 | OK | |
r-patched-linux-x86_64 | 0.2.0 | 13.84 | 97.63 | 111.47 | OK | |
r-release-linux-x86_64 | 0.2.0 | 13.18 | 98.58 | 111.76 | OK | |
r-release-macos-arm64 | 0.2.0 | 50.00 | OK | |||
r-release-macos-x86_64 | 0.2.0 | 142.00 | OK | |||
r-release-windows-x86_64 | 0.2.0 | 14.00 | 106.00 | 120.00 | OK | |
r-oldrel-macos-arm64 | 0.2.0 | 50.00 | NOTE | |||
r-oldrel-macos-x86_64 | 0.2.0 | 75.00 | NOTE | |||
r-oldrel-windows-x86_64 | 0.2.0 | 18.00 | 129.00 | 147.00 | NOTE |
Version: 0.2.0
Check: CRAN incoming feasibility
Result: NOTE
Maintainer: ‘Aaron England <aaron.england24@gmail.com>’
No Authors@R field in DESCRIPTION.
Please add one, modifying
Authors@R: person(given = "Aaron",
family = "England",
role = c("aut", "cre"),
email = "aaron.england24@gmail.com")
as necessary.
Flavors: r-devel-linux-x86_64-debian-clang, r-devel-linux-x86_64-debian-gcc
Version: 0.2.0
Check: LazyData
Result: NOTE
'LazyData' is specified without a 'data' directory
Flavors: r-oldrel-macos-arm64, r-oldrel-macos-x86_64, r-oldrel-windows-x86_64