Last updated on 2025-05-03 21:51:10 CEST.
Flavor | Version | Tinstall | Tcheck | Ttotal | Status | Flags |
---|---|---|---|---|---|---|
r-devel-linux-x86_64-debian-clang | 1.1.3 | 9.58 | 71.25 | 80.83 | NOTE | |
r-devel-linux-x86_64-debian-gcc | 1.1.3 | 7.39 | 49.73 | 57.12 | NOTE | |
r-devel-linux-x86_64-fedora-clang | 1.1.3 | 133.65 | OK | |||
r-devel-linux-x86_64-fedora-gcc | 1.1.3 | 132.56 | OK | |||
r-devel-windows-x86_64 | 1.1.3 | 13.00 | 92.00 | 105.00 | NOTE | |
r-patched-linux-x86_64 | 1.1.3 | 9.66 | 65.41 | 75.07 | NOTE | |
r-release-linux-x86_64 | NOTE | |||||
r-release-macos-arm64 | 1.1.3 | 44.00 | OK | |||
r-release-macos-x86_64 | 1.1.3 | 126.00 | OK | |||
r-release-windows-x86_64 | 1.1.3 | 13.00 | 88.00 | 101.00 | NOTE | |
r-oldrel-macos-arm64 | 1.1.3 | 42.00 | OK | |||
r-oldrel-macos-x86_64 | 1.1.3 | 72.00 | OK | |||
r-oldrel-windows-x86_64 | 1.1.3 | 16.00 | 107.00 | 123.00 | OK |
Version: 1.1.3
Check: Rd cross-references
Result: NOTE
Found the following Rd file(s) with Rd \link{} targets missing package
anchors:
AzureKusto.Rd: dbReadTable, dbWriteTable, dbGetQuery, dbSendStatement
DBI_query.Rd: dbConnect, dbReadTable, dbWriteTable
DBI_table.Rd: dbConnect
az_kusto.Rd: az_resource_group
copy_to.kusto_database_endpoint.Rd: collect
kusto-DBI.Rd: dbConnect, dbDisconnect, dbCanConnect, dbExistsTable,
dbCreateTable, dbRemoveTable, dbReadTable, dbWriteTable,
dbGetQuery, dbSendQuery, dbFetch, dbSendStatement, dbExecute,
dbListFields, dbColumnInfo
Please provide package anchors for all Rd \link{} targets not in the
package itself and the base packages.
Flavors: r-devel-linux-x86_64-debian-clang, r-devel-linux-x86_64-debian-gcc, r-devel-windows-x86_64, r-patched-linux-x86_64, r-release-linux-x86_64, r-release-windows-x86_64