CRAN Package Check Results for Package BCEE

Last updated on 2025-07-22 12:49:27 CEST.

Flavor Version Tinstall Tcheck Ttotal Status Flags
r-devel-linux-x86_64-debian-clang 1.3.2 31.73 71.91 103.64 NOTE
r-devel-linux-x86_64-debian-gcc 1.3.2 20.98 52.75 73.73 NOTE
r-devel-linux-x86_64-fedora-clang 1.3.2 182.99 OK
r-devel-linux-x86_64-fedora-gcc 1.3.2 161.59 OK
r-devel-windows-x86_64 1.3.2 34.00 97.00 131.00 OK
r-patched-linux-x86_64 1.3.2 31.21 69.67 100.88 OK
r-release-linux-x86_64 1.3.2 30.62 69.75 100.37 OK
r-release-macos-arm64 1.3.2 50.00 OK
r-release-macos-x86_64 1.3.2 93.00 OK
r-release-windows-x86_64 1.3.2 35.00 110.00 145.00 OK
r-oldrel-macos-arm64 1.3.2 50.00 OK
r-oldrel-macos-x86_64 1.3.2 81.00 OK
r-oldrel-windows-x86_64 1.3.2 42.00 125.00 167.00 OK

Check Details

Version: 1.3.2
Check: CRAN incoming feasibility
Result: NOTE Maintainer: ‘Denis Talbot <denis.talbot@fmed.ulaval.ca>’ No Authors@R field in DESCRIPTION. Please add one, modifying Authors@R: c(person(given = "Denis", family = "Talbot", role = c("aut", "cre"), email = "denis.talbot@fmed.ulaval.ca"), person(given = "Genevieve", family = "Lefebvre", role = "aut"), person(given = "Juli", family = "Atherton", role = "aut"), person(given = "Yohann", family = "Chiu.", role = "aut")) as necessary. Flavors: r-devel-linux-x86_64-debian-clang, r-devel-linux-x86_64-debian-gcc