Last updated on 2024-06-17 06:50:11 CEST.
Flavor | Version | Tinstall | Tcheck | Ttotal | Status | Flags |
---|---|---|---|---|---|---|
r-devel-linux-x86_64-debian-clang | 1.2.3 | 28.27 | 186.94 | 215.21 | OK | |
r-devel-linux-x86_64-debian-gcc | 1.2.3 | 22.34 | 133.48 | 155.82 | OK | |
r-devel-linux-x86_64-fedora-clang | 1.2.3 | 265.36 | NOTE | |||
r-devel-linux-x86_64-fedora-gcc | 1.2.3 | 263.78 | OK | |||
r-devel-windows-x86_64 | 1.2.3 | 25.00 | 139.00 | 164.00 | OK | |
r-patched-linux-x86_64 | 1.2.3 | 22.97 | 174.04 | 197.01 | OK | |
r-release-linux-x86_64 | 1.2.3 | 25.73 | 176.04 | 201.77 | OK | |
r-release-macos-arm64 | 1.2.3 | 82.00 | OK | |||
r-release-macos-x86_64 | 1.2.3 | 159.00 | OK | |||
r-release-windows-x86_64 | 1.2.3 | 25.00 | 147.00 | 172.00 | OK | |
r-oldrel-macos-arm64 | 1.2.3 | 80.00 | OK | |||
r-oldrel-macos-x86_64 | 1.2.3 | 164.00 | OK | |||
r-oldrel-windows-x86_64 | 1.2.3 | 35.00 | 173.00 | 208.00 | OK |
Version: 1.2.3
Check: installed package size
Result: NOTE
installed size is 8.1Mb
sub-directories of 1Mb or more:
libs 7.3Mb
Flavor: r-devel-linux-x86_64-fedora-clang