CRAN Package Check Results for Package BLR

Last updated on 2025-05-06 06:49:50 CEST.

Flavor Version Tinstall Tcheck Ttotal Status Flags
r-devel-linux-x86_64-debian-clang 1.6 2.70 21.61 24.31 NOTE
r-devel-linux-x86_64-debian-gcc 1.6 2.29 17.22 19.51 NOTE
r-devel-linux-x86_64-fedora-clang 1.6 37.59 OK
r-devel-linux-x86_64-fedora-gcc 1.6 37.84 OK
r-devel-windows-x86_64 1.6 5.00 40.00 45.00 OK
r-patched-linux-x86_64 1.6 2.88 20.87 23.75 OK
r-release-linux-x86_64 1.6 2.65 20.93 23.58 OK
r-release-macos-arm64 1.6 18.00 OK
r-release-macos-x86_64 1.6 27.00 OK
r-release-windows-x86_64 1.6 5.00 41.00 46.00 OK
r-oldrel-macos-arm64 1.6 22.00 OK
r-oldrel-macos-x86_64 1.6 24.00 OK
r-oldrel-windows-x86_64 1.6 6.00 41.00 47.00 OK

Check Details

Version: 1.6
Check: CRAN incoming feasibility
Result: NOTE Maintainer: ‘Paulino Perez Rodriguez <perpdgo@colpos.mx>’ No Authors@R field in DESCRIPTION. Please add one, modifying Authors@R: c(person(given = c("Gustavo", "de", "los"), family = "Campos", role = "aut"), person(given = c("Paulino", "Perez"), family = "Rodriguez,", role = "aut"), person(given = c("Paulino", "Perez"), family = "Rodriguez", role = "cre", email = "perpdgo@colpos.mx")) as necessary. Flavors: r-devel-linux-x86_64-debian-clang, r-devel-linux-x86_64-debian-gcc