Last updated on 2025-05-06 06:49:50 CEST.
Flavor | Version | Tinstall | Tcheck | Ttotal | Status | Flags |
---|---|---|---|---|---|---|
r-devel-linux-x86_64-debian-clang | 2.0 | 6.64 | 40.62 | 47.26 | NOTE | |
r-devel-linux-x86_64-debian-gcc | 2.0 | 4.70 | 29.18 | 33.88 | NOTE | |
r-devel-linux-x86_64-fedora-clang | 2.0 | 76.01 | OK | |||
r-devel-linux-x86_64-fedora-gcc | 2.0 | 76.92 | OK | |||
r-devel-windows-x86_64 | 2.0 | 6.00 | 56.00 | 62.00 | OK | |
r-patched-linux-x86_64 | 2.0 | 6.96 | 38.39 | 45.35 | OK | |
r-release-linux-x86_64 | 2.0 | 6.15 | 38.77 | 44.92 | OK | |
r-release-macos-arm64 | 2.0 | 25.00 | OK | |||
r-release-macos-x86_64 | 2.0 | 43.00 | OK | |||
r-release-windows-x86_64 | 2.0 | 7.00 | 59.00 | 66.00 | OK | |
r-oldrel-macos-arm64 | 2.0 | 27.00 | OK | |||
r-oldrel-macos-x86_64 | 2.0 | 34.00 | OK | |||
r-oldrel-windows-x86_64 | 2.0 | 7.00 | 68.00 | 75.00 | OK |
Version: 2.0
Check: CRAN incoming feasibility
Result: NOTE
Maintainer: ‘David Alejandro Martell Juarez <alex91599@gmail.com>’
No Authors@R field in DESCRIPTION.
Please add one, modifying
Authors@R: c(person(family = "Martell-Juarez",
role = "aut"),
person(given = c("D.A.", "&"),
family = "Nieto-Barajas",
role = "aut"),
person(family = "L.E.",
role = "aut"),
person(given = c("David", "Alejandro", "Martell"),
family = "Juarez",
role = "cre",
email = "alex91599@gmail.com"))
as necessary.
Flavors: r-devel-linux-x86_64-debian-clang, r-devel-linux-x86_64-debian-gcc