Last updated on 2025-05-03 21:51:11 CEST.
Flavor | Version | Tinstall | Tcheck | Ttotal | Status | Flags |
---|---|---|---|---|---|---|
r-devel-linux-x86_64-debian-clang | 2023.3.8 | 12.14 | 152.98 | 165.12 | NOTE | |
r-devel-linux-x86_64-debian-gcc | 2023.3.8 | 7.97 | 98.53 | 106.50 | NOTE | |
r-devel-linux-x86_64-fedora-clang | 2023.3.8 | 252.10 | NOTE | |||
r-devel-linux-x86_64-fedora-gcc | 2023.3.8 | 266.50 | NOTE | |||
r-devel-windows-x86_64 | 2023.3.8 | 14.00 | 217.00 | 231.00 | NOTE | |
r-patched-linux-x86_64 | 2023.3.8 | 12.43 | 137.66 | 150.09 | NOTE | |
r-release-linux-x86_64 | NOTE | |||||
r-release-macos-arm64 | 2023.3.8 | 72.00 | NOTE | |||
r-release-macos-x86_64 | 2023.3.8 | 162.00 | NOTE | |||
r-release-windows-x86_64 | 2023.3.8 | 15.00 | 213.00 | 228.00 | NOTE | |
r-oldrel-macos-arm64 | 2023.3.8 | 72.00 | NOTE | |||
r-oldrel-macos-x86_64 | 2023.3.8 | 160.00 | NOTE | |||
r-oldrel-windows-x86_64 | 2023.3.8 | 18.00 | 267.00 | 285.00 | NOTE |
Version: 2023.3.8
Check: Rd files
Result: NOTE
checkRd: (-1) MvInv.Rd:23-35: Lost braces
23 | function(eps, u = 0.5, alpha = 1, kappa = 1, gama = 1 / 2, N = 3001) {
| ^
checkRd: (-1) dt_.Rd:19-21: Lost braces
19 | function(x, df, mean, sd) {
| ^
Flavors: r-devel-linux-x86_64-debian-clang, r-devel-linux-x86_64-debian-gcc, r-devel-linux-x86_64-fedora-clang, r-devel-linux-x86_64-fedora-gcc, r-devel-windows-x86_64, r-patched-linux-x86_64, r-release-linux-x86_64, r-release-macos-arm64, r-release-macos-x86_64, r-release-windows-x86_64, r-oldrel-macos-arm64, r-oldrel-macos-x86_64, r-oldrel-windows-x86_64
Version: 2023.3.8
Check: examples
Result: NOTE
Examples with CPU time > 2.5 times elapsed time
user system elapsed ratio
multMixNRMI2 1.188 0.375 0.584 2.676
Flavor: r-devel-linux-x86_64-debian-gcc