Last updated on 2025-05-05 21:50:57 CEST.
Flavor | Version | Tinstall | Tcheck | Ttotal | Status | Flags |
---|---|---|---|---|---|---|
r-devel-linux-x86_64-debian-clang | 0.9.4 | 6.59 | 69.14 | 75.73 | NOTE | |
r-devel-linux-x86_64-debian-gcc | 0.9.4 | 5.47 | 49.49 | 54.96 | NOTE | |
r-devel-linux-x86_64-fedora-clang | 0.9.4 | 119.16 | OK | |||
r-devel-linux-x86_64-fedora-gcc | 0.9.4 | 121.23 | OK | |||
r-devel-windows-x86_64 | 0.9.4 | 7.00 | 78.00 | 85.00 | OK | |
r-patched-linux-x86_64 | 0.9.4 | 6.82 | 65.82 | 72.64 | OK | |
r-release-linux-x86_64 | 0.9.4 | 6.30 | 65.44 | 71.74 | OK | |
r-release-macos-arm64 | 0.9.4 | 36.00 | OK | |||
r-release-macos-x86_64 | 0.9.4 | 67.00 | OK | |||
r-release-windows-x86_64 | 0.9.4 | 8.00 | 80.00 | 88.00 | OK | |
r-oldrel-macos-arm64 | 0.9.4 | 35.00 | OK | |||
r-oldrel-macos-x86_64 | 0.9.4 | 53.00 | OK | |||
r-oldrel-windows-x86_64 | 0.9.4 | 10.00 | 93.00 | 103.00 | OK |
Version: 0.9.4
Check: CRAN incoming feasibility
Result: NOTE
Maintainer: ‘Alireza S. Mahani <alireza.s.mahani@gmail.com>’
No Authors@R field in DESCRIPTION.
Please add one, modifying
Authors@R: c(person(given = c("Alireza", "S."),
family = "Mahani",
role = c("aut", "cre"),
email = "alireza.s.mahani@gmail.com"),
person(given = c("Mansour", "T.A."),
family = "Sharabiani",
role = "aut"))
as necessary.
Flavors: r-devel-linux-x86_64-debian-clang, r-devel-linux-x86_64-debian-gcc