Last updated on 2025-05-03 21:51:11 CEST.
Flavor | Version | Tinstall | Tcheck | Ttotal | Status | Flags |
---|---|---|---|---|---|---|
r-devel-linux-x86_64-debian-clang | 0.1.0 | 2.61 | 25.33 | 27.94 | NOTE | |
r-devel-linux-x86_64-debian-gcc | 0.1.0 | 1.90 | 20.21 | 22.11 | NOTE | |
r-devel-linux-x86_64-fedora-clang | 0.1.0 | 43.20 | OK | |||
r-devel-linux-x86_64-fedora-gcc | 0.1.0 | 44.15 | OK | |||
r-devel-windows-x86_64 | 0.1.0 | 4.00 | 49.00 | 53.00 | OK | |
r-patched-linux-x86_64 | 0.1.0 | 2.88 | 24.24 | 27.12 | OK | |
r-release-linux-x86_64 | OK | |||||
r-release-macos-arm64 | 0.1.0 | 20.00 | OK | |||
r-release-macos-x86_64 | 0.1.0 | 29.00 | OK | |||
r-release-windows-x86_64 | 0.1.0 | 4.00 | 49.00 | 53.00 | OK | |
r-oldrel-macos-arm64 | 0.1.0 | 19.00 | NOTE | |||
r-oldrel-macos-x86_64 | 0.1.0 | 25.00 | NOTE | |||
r-oldrel-windows-x86_64 | 0.1.0 | 5.00 | 56.00 | 61.00 | NOTE |
Version: 0.1.0
Check: CRAN incoming feasibility
Result: NOTE
Maintainer: ‘Phillip Murray <phillip.murray18@imperial.ac.uk>’
The Description field contains
Pakkannen (2017) <arXiv:1507.03004v4>, as well as functions to fit BSS
Please refer to arXiv e-prints via their arXiv DOI <doi:10.48550/arXiv.YYMM.NNNNN>.
Flavors: r-devel-linux-x86_64-debian-clang, r-devel-linux-x86_64-debian-gcc
Version: 0.1.0
Check: LazyData
Result: NOTE
'LazyData' is specified without a 'data' directory
Flavors: r-oldrel-macos-arm64, r-oldrel-macos-x86_64, r-oldrel-windows-x86_64